{"id":28,"date":"2018-03-02T23:06:54","date_gmt":"2018-03-02T23:06:54","guid":{"rendered":"http:\/\/www.duchovnihudba.cz\/?page_id=28"},"modified":"2024-11-05T14:11:40","modified_gmt":"2024-11-05T14:11:40","slug":"o-nas","status":"publish","type":"page","link":"https:\/\/www.duchovnihudba.cz\/","title":{"rendered":"Aktu\u00e1ln\u011b"},"content":{"rendered":"\n<p>Setk\u00e1n\u00ed sbor\u016f 12.10.2024 v Plas\u00edch, po\u0159ad\u00a0TV\u00a0Noe<\/p>\n\n\n\n<p><\/p>\n\n\n\n<p><a href=\"https:\/\/www.tvnoe.cz\/porad\/41477-presah-s-chramovou-hudbou\/viz-388285\">https:\/\/www.tvnoe.cz\/porad\/41477-presah-s-chramovou-hudbou\/viz-388285<\/a><\/p>\n\n\n\n<p><\/p>\n\n\n\n<p><\/p>\n\n\n\n<p><strong><mark style=\"background-color:rgba(0, 0, 0, 0)\" class=\"has-inline-color has-vivid-red-color\">BO\u017d\u00cd HOD VELIKONO\u010cN\u00cd<\/mark><\/strong><\/p>\n\n\n\n<p><strong>Program:<\/strong><\/p>\n\n\n\n<p><em>Radek Rej\u0161ek<\/em> \u2013 Intr\u00e1da na t\u00e9ma p\u00edsn\u011b Rozle\u0165te se zp\u011bvy vzh\u016fru pro varhany, \u017ees\u0165ov\u00fd kvartet a tymp\u00e1ny<\/p>\n\n\n\n<p><em>Radek Rej\u0161ek<\/em> &#8211; aran\u017ee p\u00edsn\u00ed pro d\u011btsk\u00fd sbor \u0160pa\u010dci sv. Bartolom\u011bje<\/p>\n\n\n\n<p><em>Martin Moudr\u00fd<\/em> \u2013 Postludium na t\u00e9ma p\u00edsn\u011b Hle, vstal\u0165 z mrtv\u00fdch Kristus P\u00e1n pro \u017ees\u0165ov\u00fd kvartet, tymp\u00e1ny a varhany<\/p>\n\n\n\n<p><em>Ale\u0161 Nosek<\/em> &#8211; varhann\u00ed s\u00f3lo &#8211; J. S. Bach &#8211; Fuga D dur<\/p>\n\n\n\n<p><\/p>\n\n\n\n<hr class=\"wp-block-separator has-alpha-channel-opacity\"\/>\n\n\n\n<p><strong><mark style=\"background-color:rgba(0, 0, 0, 0)\" class=\"has-inline-color has-vivid-red-color\">VARHANN\u00cd KURZY 2023\/25<\/mark><\/strong><\/p>\n\n\n\n<p><mark style=\"background-color:rgba(0, 0, 0, 0)\" class=\"has-inline-color has-vivid-red-color\"><strong>Nast\u00e1vaj\u00edc\u00ed term\u00edny prvn\u00edho roku varhann\u00edch kurz\u016f:<\/strong><\/mark><\/p>\n\n\n\n<p><strong>B\u0159ezen<\/strong><\/p>\n\n\n\n<ul class=\"wp-block-list\">\n<li>2. ME<\/li>\n\n\n\n<li>23. AN &#8211; v\u00fdjezdn\u00ed kurz do Klen\u010d\u00ed pod \u010cerchovem s paterem Ivanem Pavl\u00ed\u010dkem. T\u00e9maty budou druhy kancion\u00e1l\u016f, \u017ealt\u00e1\u0159\u016f, pam\u00e1tky,  sv\u00e1tky a slavnosti. Sou\u010dasn\u011b bude prob\u00edhat v\u00fduka na m\u00edstn\u00edch historick\u00fdch varhan\u00e1ch v kostele sv. Martina.<\/li>\n<\/ul>\n\n\n\n<p><strong>Duben<\/strong><\/p>\n\n\n\n<ul class=\"wp-block-list\">\n<li>6. ME<\/li>\n\n\n\n<li>20. AN<\/li>\n<\/ul>\n\n\n\n<p><strong>Kv\u011bten<\/strong><\/p>\n\n\n\n<ul class=\"wp-block-list\">\n<li>4. ME<\/li>\n\n\n\n<li>25. AN<\/li>\n<\/ul>\n\n\n\n<p><strong>\u010cerven<\/strong><\/p>\n\n\n\n<ul class=\"wp-block-list\">\n<li>1. ME<\/li>\n\n\n\n<li>15. AN<\/li>\n<\/ul>\n\n\n\n<p><\/p>\n\n\n\n<hr class=\"wp-block-separator has-alpha-channel-opacity\"\/>\n\n\n\n<p><\/p>\n\n\n\n<p><mark style=\"background-color:rgba(0, 0, 0, 0)\" class=\"has-inline-color has-vivid-red-color\"><strong>VARHANN\u00cd KURZY 2023\/25<\/strong><\/mark><\/p>\n\n\n\n<p><strong>7. \u0159\u00edjna bude zah\u00e1jen kurz s nov\u00fdmi lektory:<\/strong><\/p>\n\n\n\n<p>Varhann\u00ed improvizace \u2013 MgA. Marie Esslov\u00e1<\/p>\n\n\n\n<p>Sbormistrovstv\u00ed, veden\u00ed sboru \u2013 Mgr. Anast\u00e1zie \u0160olcov\u00e1<\/p>\n\n\n\n<hr class=\"wp-block-separator has-alpha-channel-opacity\"\/>\n\n\n\n<div style=\"height:100px\" aria-hidden=\"true\" class=\"wp-block-spacer\"><\/div>\n\n\n\n<p><strong><mark style=\"background-color:rgba(0, 0, 0, 0)\" class=\"has-inline-color has-vivid-red-color\">Diec\u00e9zn\u00ed pou\u0165 Tepl\u00e1 2023<\/mark><\/strong><\/p>\n\n\n\n<ul class=\"wp-block-list\">\n<li><strong>Vstup<\/strong> &#8211; Intr\u00e1da pro \u017eestov\u00fd kvartet, tymp\u00e1ny a varhany na p\u00edse\u0148 512 Bo\u017ee p\u0159ed tvou velebnost\u00ed<\/li>\n\n\n\n<li><strong>P\u0159ed evangeliem<\/strong>&nbsp;&#8211; Jubilate Deo z Taize<\/li>\n\n\n\n<li><strong>Ob\u011btn\u00ed pr\u016fvod<\/strong>&nbsp;&#8211; Chleba a v\u00edno z Truversk\u00e9 m\u0161e &#8211; Petr Eben<\/li>\n\n\n\n<li><strong>P\u0159ij\u00edm\u00e1n\u00ed&nbsp;<\/strong>&#8211; Pie Jesu &#8211; Andrew Lloyd Weber,&nbsp;Ave Maria &#8211; Gen Verde<\/li>\n\n\n\n<li><strong>Te Deum<\/strong><\/li>\n\n\n\n<li><strong>Hroznatovsk\u00fd chor\u00e1l<\/strong><\/li>\n\n\n\n<li><strong>Z\u00e1v\u011br &#8211; <\/strong>Intr\u00e1da<\/li>\n\n\n\n<li>Varhany: Ale\u0161 Nosek<\/li>\n\n\n\n<li>\u017destov\u00fd kvartet &#8211; Petr Mr\u00e1z<\/li>\n\n\n\n<li>Tymp\u00e1ny &#8211; Jakub Bayer<\/li>\n\n\n\n<li>SA\u0161\u00e1ci &#8211; Alexandra Bene\u0161ov\u00e1<\/li>\n\n\n\n<li>autor intr\u00e1dy &#8211; Radek Rej\u0161ek<\/li>\n<\/ul>\n\n\n\n<figure class=\"wp-block-gallery has-nested-images columns-default is-cropped wp-block-gallery-1 is-layout-flex wp-block-gallery-is-layout-flex\">\n<figure class=\"wp-block-image size-large\"><img loading=\"lazy\" decoding=\"async\" width=\"682\" height=\"1024\" data-id=\"850\" src=\"https:\/\/www.duchovnihudba.cz\/wp-content\/uploads\/2023\/09\/01Nepojmenovane-1-682x1024.jpg\" alt=\"\" class=\"wp-image-850\" srcset=\"https:\/\/www.duchovnihudba.cz\/wp-content\/uploads\/2023\/09\/01Nepojmenovane-1-682x1024.jpg 682w, https:\/\/www.duchovnihudba.cz\/wp-content\/uploads\/2023\/09\/01Nepojmenovane-1-200x300.jpg 200w, https:\/\/www.duchovnihudba.cz\/wp-content\/uploads\/2023\/09\/01Nepojmenovane-1-768x1152.jpg 768w, https:\/\/www.duchovnihudba.cz\/wp-content\/uploads\/2023\/09\/01Nepojmenovane-1.jpg 951w\" sizes=\"auto, (max-width: 682px) 100vw, 682px\" \/><\/figure>\n\n\n\n<figure class=\"wp-block-image size-large\"><img loading=\"lazy\" decoding=\"async\" width=\"1024\" height=\"682\" data-id=\"853\" src=\"https:\/\/www.duchovnihudba.cz\/wp-content\/uploads\/2023\/09\/02Nepojmenovane-1-1024x682.jpg\" alt=\"\" class=\"wp-image-853\" srcset=\"https:\/\/www.duchovnihudba.cz\/wp-content\/uploads\/2023\/09\/02Nepojmenovane-1-1024x682.jpg 1024w, https:\/\/www.duchovnihudba.cz\/wp-content\/uploads\/2023\/09\/02Nepojmenovane-1-300x200.jpg 300w, https:\/\/www.duchovnihudba.cz\/wp-content\/uploads\/2023\/09\/02Nepojmenovane-1-768x512.jpg 768w, https:\/\/www.duchovnihudba.cz\/wp-content\/uploads\/2023\/09\/02Nepojmenovane-1-1536x1023.jpg 1536w, https:\/\/www.duchovnihudba.cz\/wp-content\/uploads\/2023\/09\/02Nepojmenovane-1-2048x1364.jpg 2048w\" sizes=\"auto, (max-width: 767px) 89vw, (max-width: 1000px) 54vw, (max-width: 1071px) 543px, 580px\" \/><\/figure>\n\n\n\n<figure class=\"wp-block-image size-large\"><img loading=\"lazy\" decoding=\"async\" width=\"1024\" height=\"682\" data-id=\"851\" src=\"https:\/\/www.duchovnihudba.cz\/wp-content\/uploads\/2023\/09\/03Nepojmenovane-1-1024x682.jpg\" alt=\"\" class=\"wp-image-851\" srcset=\"https:\/\/www.duchovnihudba.cz\/wp-content\/uploads\/2023\/09\/03Nepojmenovane-1-1024x682.jpg 1024w, https:\/\/www.duchovnihudba.cz\/wp-content\/uploads\/2023\/09\/03Nepojmenovane-1-300x200.jpg 300w, https:\/\/www.duchovnihudba.cz\/wp-content\/uploads\/2023\/09\/03Nepojmenovane-1-768x512.jpg 768w, https:\/\/www.duchovnihudba.cz\/wp-content\/uploads\/2023\/09\/03Nepojmenovane-1-1536x1023.jpg 1536w, https:\/\/www.duchovnihudba.cz\/wp-content\/uploads\/2023\/09\/03Nepojmenovane-1-2048x1364.jpg 2048w\" sizes=\"auto, (max-width: 767px) 89vw, (max-width: 1000px) 54vw, (max-width: 1071px) 543px, 580px\" \/><\/figure>\n\n\n\n<figure class=\"wp-block-image size-large\"><img loading=\"lazy\" decoding=\"async\" width=\"1024\" height=\"682\" data-id=\"854\" src=\"https:\/\/www.duchovnihudba.cz\/wp-content\/uploads\/2023\/09\/04Nepojmenovane-1-1024x682.jpg\" alt=\"\" class=\"wp-image-854\" srcset=\"https:\/\/www.duchovnihudba.cz\/wp-content\/uploads\/2023\/09\/04Nepojmenovane-1-1024x682.jpg 1024w, https:\/\/www.duchovnihudba.cz\/wp-content\/uploads\/2023\/09\/04Nepojmenovane-1-300x200.jpg 300w, https:\/\/www.duchovnihudba.cz\/wp-content\/uploads\/2023\/09\/04Nepojmenovane-1-768x512.jpg 768w, https:\/\/www.duchovnihudba.cz\/wp-content\/uploads\/2023\/09\/04Nepojmenovane-1-1536x1023.jpg 1536w, https:\/\/www.duchovnihudba.cz\/wp-content\/uploads\/2023\/09\/04Nepojmenovane-1-2048x1364.jpg 2048w\" sizes=\"auto, (max-width: 767px) 89vw, (max-width: 1000px) 54vw, (max-width: 1071px) 543px, 580px\" \/><\/figure>\n\n\n\n<figure class=\"wp-block-image size-large\"><img loading=\"lazy\" decoding=\"async\" width=\"1024\" height=\"768\" data-id=\"855\" src=\"https:\/\/www.duchovnihudba.cz\/wp-content\/uploads\/2023\/09\/1000011810-01-1-1024x768.jpeg\" alt=\"\" class=\"wp-image-855\" srcset=\"https:\/\/www.duchovnihudba.cz\/wp-content\/uploads\/2023\/09\/1000011810-01-1-1024x768.jpeg 1024w, https:\/\/www.duchovnihudba.cz\/wp-content\/uploads\/2023\/09\/1000011810-01-1-300x225.jpeg 300w, https:\/\/www.duchovnihudba.cz\/wp-content\/uploads\/2023\/09\/1000011810-01-1-768x576.jpeg 768w, https:\/\/www.duchovnihudba.cz\/wp-content\/uploads\/2023\/09\/1000011810-01-1-1536x1152.jpeg 1536w, https:\/\/www.duchovnihudba.cz\/wp-content\/uploads\/2023\/09\/1000011810-01-1-2048x1536.jpeg 2048w\" sizes=\"auto, (max-width: 767px) 89vw, (max-width: 1000px) 54vw, (max-width: 1071px) 543px, 580px\" \/><\/figure>\n\n\n\n<figure class=\"wp-block-image size-large\"><img loading=\"lazy\" decoding=\"async\" width=\"1024\" height=\"768\" data-id=\"857\" src=\"https:\/\/www.duchovnihudba.cz\/wp-content\/uploads\/2023\/09\/1000011820-01-1-1024x768.jpeg\" alt=\"\" class=\"wp-image-857\" srcset=\"https:\/\/www.duchovnihudba.cz\/wp-content\/uploads\/2023\/09\/1000011820-01-1-1024x768.jpeg 1024w, https:\/\/www.duchovnihudba.cz\/wp-content\/uploads\/2023\/09\/1000011820-01-1-300x225.jpeg 300w, https:\/\/www.duchovnihudba.cz\/wp-content\/uploads\/2023\/09\/1000011820-01-1-768x576.jpeg 768w, https:\/\/www.duchovnihudba.cz\/wp-content\/uploads\/2023\/09\/1000011820-01-1-1536x1152.jpeg 1536w, https:\/\/www.duchovnihudba.cz\/wp-content\/uploads\/2023\/09\/1000011820-01-1-2048x1536.jpeg 2048w\" sizes=\"auto, (max-width: 767px) 89vw, (max-width: 1000px) 54vw, (max-width: 1071px) 543px, 580px\" \/><\/figure>\n\n\n\n<figure class=\"wp-block-image size-large\"><img loading=\"lazy\" decoding=\"async\" width=\"768\" height=\"1024\" data-id=\"856\" src=\"https:\/\/www.duchovnihudba.cz\/wp-content\/uploads\/2023\/09\/1000011826-01-1-768x1024.jpeg\" alt=\"\" class=\"wp-image-856\" srcset=\"https:\/\/www.duchovnihudba.cz\/wp-content\/uploads\/2023\/09\/1000011826-01-1-768x1024.jpeg 768w, https:\/\/www.duchovnihudba.cz\/wp-content\/uploads\/2023\/09\/1000011826-01-1-225x300.jpeg 225w, https:\/\/www.duchovnihudba.cz\/wp-content\/uploads\/2023\/09\/1000011826-01-1-1152x1536.jpeg 1152w, https:\/\/www.duchovnihudba.cz\/wp-content\/uploads\/2023\/09\/1000011826-01-1-1536x2048.jpeg 1536w, https:\/\/www.duchovnihudba.cz\/wp-content\/uploads\/2023\/09\/1000011826-01-1-scaled.jpeg 1920w\" sizes=\"auto, (max-width: 767px) 89vw, (max-width: 1000px) 54vw, (max-width: 1071px) 543px, 580px\" \/><\/figure>\n\n\n\n<figure class=\"wp-block-image size-large\"><img loading=\"lazy\" decoding=\"async\" width=\"1024\" height=\"768\" data-id=\"858\" src=\"https:\/\/www.duchovnihudba.cz\/wp-content\/uploads\/2023\/09\/1000011828-01-1-1024x768.jpeg\" alt=\"\" class=\"wp-image-858\" srcset=\"https:\/\/www.duchovnihudba.cz\/wp-content\/uploads\/2023\/09\/1000011828-01-1-1024x768.jpeg 1024w, https:\/\/www.duchovnihudba.cz\/wp-content\/uploads\/2023\/09\/1000011828-01-1-300x225.jpeg 300w, https:\/\/www.duchovnihudba.cz\/wp-content\/uploads\/2023\/09\/1000011828-01-1-768x576.jpeg 768w, https:\/\/www.duchovnihudba.cz\/wp-content\/uploads\/2023\/09\/1000011828-01-1-1536x1152.jpeg 1536w, https:\/\/www.duchovnihudba.cz\/wp-content\/uploads\/2023\/09\/1000011828-01-1-2048x1536.jpeg 2048w\" sizes=\"auto, (max-width: 767px) 89vw, (max-width: 1000px) 54vw, (max-width: 1071px) 543px, 580px\" \/><\/figure>\n\n\n\n<figure class=\"wp-block-image size-large\"><img loading=\"lazy\" decoding=\"async\" width=\"1024\" height=\"682\" data-id=\"852\" src=\"https:\/\/www.duchovnihudba.cz\/wp-content\/uploads\/2023\/09\/Nepojmenovane-1-1024x682.jpg\" alt=\"\" class=\"wp-image-852\" srcset=\"https:\/\/www.duchovnihudba.cz\/wp-content\/uploads\/2023\/09\/Nepojmenovane-1-1024x682.jpg 1024w, https:\/\/www.duchovnihudba.cz\/wp-content\/uploads\/2023\/09\/Nepojmenovane-1-300x200.jpg 300w, https:\/\/www.duchovnihudba.cz\/wp-content\/uploads\/2023\/09\/Nepojmenovane-1-768x512.jpg 768w, https:\/\/www.duchovnihudba.cz\/wp-content\/uploads\/2023\/09\/Nepojmenovane-1-1536x1023.jpg 1536w, https:\/\/www.duchovnihudba.cz\/wp-content\/uploads\/2023\/09\/Nepojmenovane-1-2048x1364.jpg 2048w\" sizes=\"auto, (max-width: 767px) 89vw, (max-width: 1000px) 54vw, (max-width: 1071px) 543px, 580px\" \/><\/figure>\n<\/figure>\n\n\n\n<p><\/p>\n\n\n\n<p><\/p>\n\n\n\n<hr class=\"wp-block-separator has-alpha-channel-opacity\"\/>\n\n\n\n<div style=\"height:100px\" aria-hidden=\"true\" class=\"wp-block-spacer\"><\/div>\n\n\n\n<p><\/p>\n\n\n\n<p><\/p>\n\n\n\n<p><\/p>\n\n\n\n<p>Z koncertu pa\u0159\u00ed\u017esk\u00e9ho varhan\u00edka <strong>\u00c9rica Lebruna<\/strong> v katedr\u00e1le sv. Bartolom\u011bje v Plzni v r\u00e1mci mezin\u00e1rodn\u00edho varhann\u00edho festivalu, dne  12.06.2023<\/p>\n\n\n\n<figure class=\"wp-block-audio\"><audio controls src=\"https:\/\/www.duchovnihudba.cz\/wp-content\/uploads\/2023\/06\/01-Jean-Baptiste-Lully-1632-1687-Te-Deum-Sinfonie-.mp3\"><\/audio><figcaption class=\"wp-element-caption\"><strong>Jean-Baptiste Lully (1632-1687)<\/strong><br>Te Deum (Sinfonie)&nbsp;<\/figcaption><\/figure>\n\n\n\n<p><\/p>\n\n\n\n<figure class=\"wp-block-audio\"><audio controls src=\"https:\/\/www.duchovnihudba.cz\/wp-content\/uploads\/2023\/06\/02Johann-Sebastian-Bach-Aria-dapres-Francois-Couperin-BWV-587-1.mp3\"><\/audio><figcaption class=\"wp-element-caption\"><strong>Johann Sebastian Bach<\/strong><br>Aria d&#8217;apr\u00e8s Fran\u00e7ois Couperin BWV 587<\/figcaption><\/figure>\n\n\n\n<p><\/p>\n\n\n\n<figure class=\"wp-block-audio\"><audio controls src=\"https:\/\/www.duchovnihudba.cz\/wp-content\/uploads\/2023\/06\/03-Alexandre-Pierre-Francois-Boely-1785-1858-Andante-en-mib-op.-18-n\u00b01.mp3\"><\/audio><figcaption class=\"wp-element-caption\"><strong>Alexandre Pierre Fran\u00e7ois Bo\u00ebly (1785-1858)<\/strong><br>Andante en mib op. 18 n\u00b01<\/figcaption><\/figure>\n\n\n\n<p><\/p>\n\n\n\n<figure class=\"wp-block-audio\"><audio controls src=\"https:\/\/www.duchovnihudba.cz\/wp-content\/uploads\/2023\/06\/04-Cesar-Franck-1822-1890-Cantabile-.mp3\"><\/audio><figcaption class=\"wp-element-caption\"><strong>C\u00e9sar Franck (1822-1890)<\/strong><br>Cantabile<\/figcaption><\/figure>\n\n\n\n<p><\/p>\n\n\n\n<figure class=\"wp-block-audio\"><audio controls src=\"https:\/\/www.duchovnihudba.cz\/wp-content\/uploads\/2023\/06\/05-Cesar-Franck-1822-1890-Piece-heroique.mp3\"><\/audio><figcaption class=\"wp-element-caption\"><strong>C\u00e9sar Franck (1822-1890)<\/strong><br>Pi\u00e8ce h\u00e9ro\u00efque<\/figcaption><\/figure>\n\n\n\n<p><\/p>\n\n\n\n<figure class=\"wp-block-audio\"><audio controls src=\"https:\/\/www.duchovnihudba.cz\/wp-content\/uploads\/2023\/06\/07-Josephine-Boulay-1869-1925-Andante-1-1.mp3\"><\/audio><figcaption class=\"wp-element-caption\"><strong>Jos\u00e9phine Boulay (1869-1925)<\/strong><br>Andante<\/figcaption><\/figure>\n\n\n\n<p><\/p>\n\n\n\n<figure class=\"wp-block-audio\"><audio controls src=\"https:\/\/www.duchovnihudba.cz\/wp-content\/uploads\/2023\/06\/08-Louis-Vierne-1870-1937-Carillon-de-Westminster-1-1.mp3\"><\/audio><figcaption class=\"wp-element-caption\"><strong>Louis Vierne (1870-1937)<\/strong><br>Carillon de Westminster<\/figcaption><\/figure>\n\n\n\n<p><\/p>\n\n\n\n<figure class=\"wp-block-audio\"><audio controls src=\"https:\/\/www.duchovnihudba.cz\/wp-content\/uploads\/2023\/06\/08-Louis-Vierne-1870-1937-Carillon-de-Westminster-.mp3\"><\/audio><figcaption class=\"wp-element-caption\"><strong><strong>Jehan Alain (1911-1940)<\/strong><br>Andante<\/strong>&nbsp;<\/figcaption><\/figure>\n\n\n\n<p><\/p>\n\n\n\n<figure class=\"wp-block-audio\"><audio controls src=\"https:\/\/www.duchovnihudba.cz\/wp-content\/uploads\/2023\/06\/10-Jehan-Alain-1911-1940-Litanies-1.mp3\"><\/audio><figcaption class=\"wp-element-caption\"><strong>Jehan Alain (1911-1940)<\/strong><br>Litanies<\/figcaption><\/figure>\n\n\n\n<p><\/p>\n\n\n\n<figure class=\"wp-block-audio\"><audio controls src=\"https:\/\/www.duchovnihudba.cz\/wp-content\/uploads\/2023\/06\/10-Jehan-Alain-1911-1940-Litanies.mp3\"><\/audio><figcaption class=\"wp-element-caption\"><strong><strong>Eric Lebrun (1967)<\/strong><br>Improvisation&nbsp;<\/strong><\/figcaption><\/figure>\n\n\n\n<p><\/p>\n\n\n\n<figure class=\"wp-block-audio\"><audio controls src=\"https:\/\/www.duchovnihudba.cz\/wp-content\/uploads\/2023\/06\/11-Eric-Lebrun-1967-Improvisation-.mp3\"><\/audio><figcaption class=\"wp-element-caption\"><strong>Olivier Messiaen (1908-1992)<\/strong><br>Dieu parmi nous (extrait de la Nativit\u00e9)&nbsp;<\/figcaption><\/figure>\n\n\n\n<p><\/p>\n\n\n\n<figure class=\"wp-block-audio\"><audio controls src=\"https:\/\/www.duchovnihudba.cz\/wp-content\/uploads\/2023\/06\/12-Olivier-Messiaen-1908-1992-Dieu-parmi-nous-extrait-de-la-Nativite-.mp3\"><\/audio><figcaption class=\"wp-element-caption\">P\u0159\u00eddavek<\/figcaption><\/figure>\n\n\n\n<p><\/p>\n\n\n\n<hr class=\"wp-block-separator has-alpha-channel-opacity\"\/>\n\n\n\n<p><\/p>\n\n\n\n<figure class=\"wp-block-embed is-type-video is-provider-youtube wp-block-embed-youtube wp-embed-aspect-16-9 wp-has-aspect-ratio\"><div class=\"wp-block-embed__wrapper\">\n<iframe loading=\"lazy\" title=\"Hudba v den Plze\u0148sk\u00e9 Madony 31.5.2023\" width=\"525\" height=\"295\" src=\"https:\/\/www.youtube.com\/embed\/JyBbE-ibC90?feature=oembed\" frameborder=\"0\" allow=\"accelerometer; autoplay; clipboard-write; encrypted-media; gyroscope; picture-in-picture; web-share\" referrerpolicy=\"strict-origin-when-cross-origin\" allowfullscreen><\/iframe>\n<\/div><\/figure>\n\n\n\n<figure class=\"wp-block-embed is-type-video is-provider-youtube wp-block-embed-youtube wp-embed-aspect-16-9 wp-has-aspect-ratio\"><div class=\"wp-block-embed__wrapper\">\n<iframe loading=\"lazy\" title=\"Hudba v den Plze\u0148sk\u00e9 Madony 31.5.2023\" width=\"525\" height=\"295\" src=\"https:\/\/www.youtube.com\/embed\/7OQXOgrotKk?feature=oembed\" frameborder=\"0\" allow=\"accelerometer; autoplay; clipboard-write; encrypted-media; gyroscope; picture-in-picture; web-share\" referrerpolicy=\"strict-origin-when-cross-origin\" allowfullscreen><\/iframe>\n<\/div><\/figure>\n\n\n\n<figure class=\"wp-block-embed is-type-video is-provider-youtube wp-block-embed-youtube wp-embed-aspect-16-9 wp-has-aspect-ratio\"><div class=\"wp-block-embed__wrapper\">\n<iframe loading=\"lazy\" title=\"Hudba v den Plze\u0148sk\u00e9 Madony 31.5.2023\" width=\"525\" height=\"295\" src=\"https:\/\/www.youtube.com\/embed\/qH377abzz8E?feature=oembed\" frameborder=\"0\" allow=\"accelerometer; autoplay; clipboard-write; encrypted-media; gyroscope; picture-in-picture; web-share\" referrerpolicy=\"strict-origin-when-cross-origin\" allowfullscreen><\/iframe>\n<\/div><\/figure>\n\n\n\n<p><\/p>\n\n\n\n<figure class=\"wp-block-embed is-type-video is-provider-youtube wp-block-embed-youtube wp-embed-aspect-16-9 wp-has-aspect-ratio\"><div class=\"wp-block-embed__wrapper\">\n<iframe loading=\"lazy\" title=\"Hudba v den Plze\u0148sk\u00e9 Madony 31.5.2023\" width=\"525\" height=\"295\" src=\"https:\/\/www.youtube.com\/embed\/PEdYxMy_kT0?feature=oembed\" frameborder=\"0\" allow=\"accelerometer; autoplay; clipboard-write; encrypted-media; gyroscope; picture-in-picture; web-share\" referrerpolicy=\"strict-origin-when-cross-origin\" allowfullscreen><\/iframe>\n<\/div><\/figure>\n\n\n\n<p><\/p>\n\n\n\n<figure class=\"wp-block-embed is-type-video is-provider-youtube wp-block-embed-youtube wp-embed-aspect-16-9 wp-has-aspect-ratio\"><div class=\"wp-block-embed__wrapper\">\n<iframe loading=\"lazy\" title=\"Hudba v den Plze\u0148sk\u00e9 Madony 31.5.2023\" width=\"525\" height=\"295\" src=\"https:\/\/www.youtube.com\/embed\/-WoeDjnPt48?feature=oembed\" frameborder=\"0\" allow=\"accelerometer; autoplay; clipboard-write; encrypted-media; gyroscope; picture-in-picture; web-share\" referrerpolicy=\"strict-origin-when-cross-origin\" allowfullscreen><\/iframe>\n<\/div><\/figure>\n\n\n\n<p><\/p>\n\n\n\n<p class=\"has-text-align-center\">Biskupstv\u00ed plze\u0148sk\u00e9 po\u0159\u00e1d\u00e1:<\/p>\n\n\n\n<p class=\"has-text-align-center\">KURZ PRO AMAT\u00c9RSK\u00c9 CHR\u00c1MOV\u00c9 VARHAN\u00cdKY<\/p>\n\n\n\n<div data-wp-interactive=\"core\/file\" class=\"wp-block-file aligncenter\"><object data-wp-bind--hidden=\"!state.hasPdfPreview\" hidden class=\"wp-block-file__embed\" data=\"https:\/\/www.duchovnihudba.cz\/wp-content\/uploads\/2023\/04\/Letak_2023.pdf\" type=\"application\/pdf\" style=\"width:100%;height:980px\" aria-label=\"Vlo\u017eit z Letak_2023.\"><\/object><a id=\"wp-block-file--media-eae100b4-5658-4c7e-8ebd-a9feba76c46d\" href=\"https:\/\/www.duchovnihudba.cz\/wp-content\/uploads\/2023\/04\/Letak_2023.pdf\">Letak_2023<\/a><a href=\"https:\/\/www.duchovnihudba.cz\/wp-content\/uploads\/2023\/04\/Letak_2023.pdf\" class=\"wp-block-file__button wp-element-button\" download aria-describedby=\"wp-block-file--media-eae100b4-5658-4c7e-8ebd-a9feba76c46d\">St\u00e1hnout<\/a><\/div>\n\n\n\n<figure class=\"wp-block-embed is-type-video is-provider-youtube wp-block-embed-youtube wp-embed-aspect-16-9 wp-has-aspect-ratio\"><div class=\"wp-block-embed__wrapper\">\n<iframe loading=\"lazy\" title=\"\u0160pa\u010dci Plze\u0148 - \u00c1men\" width=\"525\" height=\"295\" src=\"https:\/\/www.youtube.com\/embed\/iyyK5N2dwP8?feature=oembed\" frameborder=\"0\" allow=\"accelerometer; autoplay; clipboard-write; encrypted-media; gyroscope; picture-in-picture; web-share\" referrerpolicy=\"strict-origin-when-cross-origin\" allowfullscreen><\/iframe>\n<\/div><\/figure>\n\n\n\n<p><\/p>\n\n\n\n<figure class=\"wp-block-embed is-type-video is-provider-youtube wp-block-embed-youtube wp-embed-aspect-16-9 wp-has-aspect-ratio\"><div class=\"wp-block-embed__wrapper\">\n<iframe loading=\"lazy\" title=\"\u0160pa\u010dci Plze\u0148 - Jitro sv\u00edt\u00e1, tma den v\u00edt\u00e1\" width=\"525\" height=\"295\" src=\"https:\/\/www.youtube.com\/embed\/y3LmjyWROng?feature=oembed\" frameborder=\"0\" allow=\"accelerometer; autoplay; clipboard-write; encrypted-media; gyroscope; picture-in-picture; web-share\" referrerpolicy=\"strict-origin-when-cross-origin\" allowfullscreen><\/iframe>\n<\/div><\/figure>\n\n\n\n<p><\/p>\n\n\n\n<p><\/p>\n\n\n\n<p><\/p>\n\n\n\n<figure class=\"wp-block-image size-large is-resized\"><img loading=\"lazy\" decoding=\"async\" width=\"724\" height=\"1024\" src=\"https:\/\/www.duchovnihudba.cz\/wp-content\/uploads\/2023\/04\/Plzensky-varhanni-festival-2023-1-724x1024.jpg\" alt=\"\" class=\"wp-image-781\" style=\"width:661px;height:935px\" srcset=\"https:\/\/www.duchovnihudba.cz\/wp-content\/uploads\/2023\/04\/Plzensky-varhanni-festival-2023-1-724x1024.jpg 724w, https:\/\/www.duchovnihudba.cz\/wp-content\/uploads\/2023\/04\/Plzensky-varhanni-festival-2023-1-212x300.jpg 212w, https:\/\/www.duchovnihudba.cz\/wp-content\/uploads\/2023\/04\/Plzensky-varhanni-festival-2023-1-768x1086.jpg 768w, https:\/\/www.duchovnihudba.cz\/wp-content\/uploads\/2023\/04\/Plzensky-varhanni-festival-2023-1-1086x1536.jpg 1086w, https:\/\/www.duchovnihudba.cz\/wp-content\/uploads\/2023\/04\/Plzensky-varhanni-festival-2023-1-1448x2048.jpg 1448w, https:\/\/www.duchovnihudba.cz\/wp-content\/uploads\/2023\/04\/Plzensky-varhanni-festival-2023-1.jpg 1754w\" sizes=\"auto, (max-width: 724px) 100vw, 724px\" \/><\/figure>\n","protected":false},"excerpt":{"rendered":"<p>Setk\u00e1n\u00ed sbor\u016f 12.10.2024 v Plas\u00edch, po\u0159ad\u00a0TV\u00a0Noe https:\/\/www.tvnoe.cz\/porad\/41477-presah-s-chramovou-hudbou\/viz-388285 BO\u017d\u00cd HOD VELIKONO\u010cN\u00cd Program: Radek Rej\u0161ek \u2013 Intr\u00e1da na t\u00e9ma p\u00edsn\u011b Rozle\u0165te se zp\u011bvy vzh\u016fru pro varhany, \u017ees\u0165ov\u00fd kvartet a tymp\u00e1ny Radek Rej\u0161ek &#8211; aran\u017ee p\u00edsn\u00ed pro d\u011btsk\u00fd sbor \u0160pa\u010dci sv. Bartolom\u011bje Martin Moudr\u00fd \u2013 Postludium na t\u00e9ma p\u00edsn\u011b Hle, vstal\u0165 z mrtv\u00fdch Kristus P\u00e1n pro \u017ees\u0165ov\u00fd kvartet, &hellip; <\/p>\n<p class=\"link-more\"><a href=\"https:\/\/www.duchovnihudba.cz\/\" class=\"more-link\">Pokra\u010dovat ve \u010dten\u00ed<span class=\"screen-reader-text\"> &#8222;Aktu\u00e1ln\u011b&#8220;<\/span><\/a><\/p>\n","protected":false},"author":1,"featured_media":0,"parent":0,"menu_order":0,"comment_status":"closed","ping_status":"closed","template":"","meta":{"footnotes":""},"class_list":["post-28","page","type-page","status-publish","hentry"],"_links":{"self":[{"href":"https:\/\/www.duchovnihudba.cz\/index.php\/wp-json\/wp\/v2\/pages\/28","targetHints":{"allow":["GET"]}}],"collection":[{"href":"https:\/\/www.duchovnihudba.cz\/index.php\/wp-json\/wp\/v2\/pages"}],"about":[{"href":"https:\/\/www.duchovnihudba.cz\/index.php\/wp-json\/wp\/v2\/types\/page"}],"author":[{"embeddable":true,"href":"https:\/\/www.duchovnihudba.cz\/index.php\/wp-json\/wp\/v2\/users\/1"}],"replies":[{"embeddable":true,"href":"https:\/\/www.duchovnihudba.cz\/index.php\/wp-json\/wp\/v2\/comments?post=28"}],"version-history":[{"count":89,"href":"https:\/\/www.duchovnihudba.cz\/index.php\/wp-json\/wp\/v2\/pages\/28\/revisions"}],"predecessor-version":[{"id":983,"href":"https:\/\/www.duchovnihudba.cz\/index.php\/wp-json\/wp\/v2\/pages\/28\/revisions\/983"}],"wp:attachment":[{"href":"https:\/\/www.duchovnihudba.cz\/index.php\/wp-json\/wp\/v2\/media?parent=28"}],"curies":[{"name":"wp","href":"https:\/\/api.w.org\/{rel}","templated":true}]}}