{"id":439,"date":"2022-10-03T10:21:10","date_gmt":"2022-10-03T10:21:10","guid":{"rendered":"https:\/\/www.duchovnihudba.cz\/?page_id=439"},"modified":"2022-10-27T05:15:26","modified_gmt":"2022-10-27T05:15:26","slug":"katedralni-chramova-schola","status":"publish","type":"page","link":"https:\/\/www.duchovnihudba.cz\/index.php\/katedralni-chramova-schola\/","title":{"rendered":"Schola od sv. Bartolom\u011bje"},"content":{"rendered":"\n<p><strong>Um\u011bleck\u00fd vedouc\u00ed:<\/strong> <em>Petr Kryl<\/em><br>Schola doprov\u00e1z\u00ed pravideln\u011b ned\u011bln\u00ed a sv\u00e1te\u010dn\u00ed liturgie, spolupod\u00edl\u00ed se tak\u00e9 na dal\u0161\u00edm hudebn\u00edm \u017eivot\u011b katedr\u00e1ly, jako je nap\u0159. Noc kostel\u016f apod. Jej\u00ed repeto\u00e1r je p\u0159ev\u00e1\u017en\u011b zam\u011b\u0159en na krat\u0161\u00ed a capellov\u00e1 d\u00edla ur\u010den\u00e1 k propriu, av\u0161ak z\u00fa\u010dast\u0148uje se ve spojen\u00ed s dal\u0161\u00edmi plze\u0148sk\u00fdmi sbory i prov\u00e1d\u011bn\u00ed figur\u00e1ln\u00edch ordin\u00e1ri\u00ed (Mozart &#8211; Korunova\u010dn\u00ed m\u0161e, Dvo\u0159\u00e1k &#8211; M\u0161e D dur ad.).<\/p>\n","protected":false},"excerpt":{"rendered":"<p>Um\u011bleck\u00fd vedouc\u00ed: Petr KrylSchola doprov\u00e1z\u00ed pravideln\u011b ned\u011bln\u00ed a sv\u00e1te\u010dn\u00ed liturgie, spolupod\u00edl\u00ed se tak\u00e9 na dal\u0161\u00edm hudebn\u00edm \u017eivot\u011b katedr\u00e1ly, jako je nap\u0159. Noc kostel\u016f apod. Jej\u00ed repeto\u00e1r je p\u0159ev\u00e1\u017en\u011b zam\u011b\u0159en na krat\u0161\u00ed a capellov\u00e1 d\u00edla ur\u010den\u00e1 k propriu, av\u0161ak z\u00fa\u010dast\u0148uje se ve spojen\u00ed s dal\u0161\u00edmi plze\u0148sk\u00fdmi sbory i prov\u00e1d\u011bn\u00ed figur\u00e1ln\u00edch ordin\u00e1ri\u00ed (Mozart &#8211; Korunova\u010dn\u00ed m\u0161e, Dvo\u0159\u00e1k &hellip; <\/p>\n<p class=\"link-more\"><a href=\"https:\/\/www.duchovnihudba.cz\/index.php\/katedralni-chramova-schola\/\" class=\"more-link\">Pokra\u010dovat ve \u010dten\u00ed<span class=\"screen-reader-text\"> &#8222;Schola od sv. Bartolom\u011bje&#8220;<\/span><\/a><\/p>\n","protected":false},"author":1,"featured_media":0,"parent":0,"menu_order":0,"comment_status":"closed","ping_status":"closed","template":"","meta":{"footnotes":""},"class_list":["post-439","page","type-page","status-publish","hentry"],"_links":{"self":[{"href":"https:\/\/www.duchovnihudba.cz\/index.php\/wp-json\/wp\/v2\/pages\/439","targetHints":{"allow":["GET"]}}],"collection":[{"href":"https:\/\/www.duchovnihudba.cz\/index.php\/wp-json\/wp\/v2\/pages"}],"about":[{"href":"https:\/\/www.duchovnihudba.cz\/index.php\/wp-json\/wp\/v2\/types\/page"}],"author":[{"embeddable":true,"href":"https:\/\/www.duchovnihudba.cz\/index.php\/wp-json\/wp\/v2\/users\/1"}],"replies":[{"embeddable":true,"href":"https:\/\/www.duchovnihudba.cz\/index.php\/wp-json\/wp\/v2\/comments?post=439"}],"version-history":[{"count":3,"href":"https:\/\/www.duchovnihudba.cz\/index.php\/wp-json\/wp\/v2\/pages\/439\/revisions"}],"predecessor-version":[{"id":640,"href":"https:\/\/www.duchovnihudba.cz\/index.php\/wp-json\/wp\/v2\/pages\/439\/revisions\/640"}],"wp:attachment":[{"href":"https:\/\/www.duchovnihudba.cz\/index.php\/wp-json\/wp\/v2\/media?parent=439"}],"curies":[{"name":"wp","href":"https:\/\/api.w.org\/{rel}","templated":true}]}}