{"id":459,"date":"2022-10-03T10:36:49","date_gmt":"2022-10-03T10:36:49","guid":{"rendered":"https:\/\/www.duchovnihudba.cz\/?page_id=459"},"modified":"2023-01-13T09:38:24","modified_gmt":"2023-01-13T09:38:24","slug":"2022-hudba-pri-liturgii","status":"publish","type":"page","link":"https:\/\/www.duchovnihudba.cz\/index.php\/2022-hudba-pri-liturgii\/","title":{"rendered":"2022 &#8211; Hudba p\u0159i liturgii v katedr\u00e1le sv. Bartolom\u011bje"},"content":{"rendered":"\n<h1 class=\"wp-block-heading\"><\/h1>\n\n\n\n<p><a href=\"https:\/\/www.duchovnihudba.cz\/wp-admin\/post.php?post=494&amp;action=edit\">Upravit &#8222;2022 \u2013 hudba p\u0159i liturgii \u2013 CHOR\u00c1L&#8220;<\/a><\/p>\n\n\n\n<p>ne 16. 10. 2022 (29. n. mezidob\u00ed) 10:00 katedr\u00e1la Plze\u0148<\/p>\n\n\n\n<p>ne 27. 11. 2022 (1. adventn\u00ed) 10:00 katedr\u00e1la Plze\u0148<\/p>\n\n\n\n<p>P\u0159i ned\u011bln\u00edch m\u0161\u00edch v 10 hodin zp\u00edv\u00e1 katedr\u00e1ln\u00ed Schola od sv. Bartolom\u011bje (SsvB).<\/p>\n\n\n\n<p>Rann\u00ed m\u0161e se zp\u011bvem ror\u00e1t\u016f v pod\u00e1n\u00ed plze\u0148sk\u00e9ho liter\u00e1tsk\u00e9ho bratrstva<br>ka\u017ed\u00e1 adventn\u00ed ned\u011ble od 6:45 hodin<\/p>\n\n\n\n<p>24.12 &#8211; 24:00 p\u016flno\u010dn\u00ed bohoslu\u017eba s biskupem mons. T. Holubem<\/p>\n\n\n\n<p>25.12 &#8211;  10:00 m\u0161e na Hod bo\u017e\u00ed s biskupem mons. T. Holubem, hudebn\u011b doprov\u00e1z\u00ed katedr\u00e1ln\u00ed d\u011btsk\u00fd sbor \u0160pa\u010dci sv. Bartolom\u011bje &#8211; Koledy v \u00faprav\u011b V\u00edta Janaty a Radka Rej\u0161ka<\/p>\n\n\n\n<p>25.12 &#8211; 16:00 pontifik\u00e1ln\u00ed ne\u0161pory (katedr\u00e1ln\u00ed Schola od sv. Bartolom\u011bje, Ale\u0161 Nosek, varhany)<\/p>\n\n\n\n<p>1.1.2023 &#8211; 10:00 slavnost Matky Bo\u017e\u00ed Panny Marie s biskupem mon. Tom\u00e1\u0161em Holubem, hudebn\u011b doprov\u00e1z\u00ed p\u011bveck\u00fd sbor Resonance &#8211; V\u00e1no\u010dn\u00ed ordin\u00e1rium Stanislava Jel\u00ednka v doprovodu \u017ees\u0165ov\u00e9ho kvartetu a varhan<\/p>\n\n\n\n<p><\/p>\n\n\n\n<p>Mohli jste sly\u0161et:<\/p>\n\n\n\n<p>5.12.2022 &#8211; 2. ned\u011ble adventn\u00ed: <br>Jan Traj\u00e1n Turnovsk\u00fd &#8211; V\u0161ichni v\u011brn\u00ed k\u0159es\u0165an\u00e9<br>J.S.Bach &#8211; chor\u00e1ln\u00ed p\u0159edehra Wachet auf a chor\u00e1l Procitni, \u00f3 lide Bo\u017e\u00ed <\/p>\n\n\n\n<p>20.11 \u2013 10:00 Slavnost Je\u017e\u00ed\u0161e Krista Kr\u00e1le \u2013&nbsp;\u00davod &#8211;&nbsp;Preludium a fuga Es dur \u2013 Moritz Brosig,&nbsp;Proprium od Ji\u0159\u00edho B\u0159\u00edzy v pod\u00e1n\u00ed spojen\u00fdch sbor\u016f Resonance a Schola od sv. Bartolom\u011bje, Postludium Toccata b-moll Louis Vierne<\/p>\n","protected":false},"excerpt":{"rendered":"<p>Upravit &#8222;2022 \u2013 hudba p\u0159i liturgii \u2013 CHOR\u00c1L&#8220; ne 16. 10. 2022 (29. n. mezidob\u00ed) 10:00 katedr\u00e1la Plze\u0148 ne 27. 11. 2022 (1. adventn\u00ed) 10:00 katedr\u00e1la Plze\u0148 P\u0159i ned\u011bln\u00edch m\u0161\u00edch v 10 hodin zp\u00edv\u00e1 katedr\u00e1ln\u00ed Schola od sv. Bartolom\u011bje (SsvB). Rann\u00ed m\u0161e se zp\u011bvem ror\u00e1t\u016f v pod\u00e1n\u00ed plze\u0148sk\u00e9ho liter\u00e1tsk\u00e9ho bratrstvaka\u017ed\u00e1 adventn\u00ed ned\u011ble od 6:45 hodin &hellip; <\/p>\n<p class=\"link-more\"><a href=\"https:\/\/www.duchovnihudba.cz\/index.php\/2022-hudba-pri-liturgii\/\" class=\"more-link\">Pokra\u010dovat ve \u010dten\u00ed<span class=\"screen-reader-text\"> &#8222;2022 &#8211; Hudba p\u0159i liturgii v katedr\u00e1le sv. Bartolom\u011bje&#8220;<\/span><\/a><\/p>\n","protected":false},"author":1,"featured_media":0,"parent":0,"menu_order":0,"comment_status":"closed","ping_status":"closed","template":"","meta":{"footnotes":""},"class_list":["post-459","page","type-page","status-publish","hentry"],"_links":{"self":[{"href":"https:\/\/www.duchovnihudba.cz\/index.php\/wp-json\/wp\/v2\/pages\/459","targetHints":{"allow":["GET"]}}],"collection":[{"href":"https:\/\/www.duchovnihudba.cz\/index.php\/wp-json\/wp\/v2\/pages"}],"about":[{"href":"https:\/\/www.duchovnihudba.cz\/index.php\/wp-json\/wp\/v2\/types\/page"}],"author":[{"embeddable":true,"href":"https:\/\/www.duchovnihudba.cz\/index.php\/wp-json\/wp\/v2\/users\/1"}],"replies":[{"embeddable":true,"href":"https:\/\/www.duchovnihudba.cz\/index.php\/wp-json\/wp\/v2\/comments?post=459"}],"version-history":[{"count":21,"href":"https:\/\/www.duchovnihudba.cz\/index.php\/wp-json\/wp\/v2\/pages\/459\/revisions"}],"predecessor-version":[{"id":734,"href":"https:\/\/www.duchovnihudba.cz\/index.php\/wp-json\/wp\/v2\/pages\/459\/revisions\/734"}],"wp:attachment":[{"href":"https:\/\/www.duchovnihudba.cz\/index.php\/wp-json\/wp\/v2\/media?parent=459"}],"curies":[{"name":"wp","href":"https:\/\/api.w.org\/{rel}","templated":true}]}}

2022 &#8211; Hudba při liturgii v katedrále sv. Bartoloměje

<h1 class="wp-block-heading"></h1>



<p><a href="https://www.duchovnihudba.cz/wp-admin/post.php?post=494&amp;action=edit">Upravit &#8222;2022 – hudba při liturgii – CHORÁL&#8220;</a></p>



<p>ne 16. 10. 2022 (29. n. mezidobí) 10:00 katedrála Plzeň</p>



<p>ne 27. 11. 2022 (1. adventní) 10:00 katedrála Plzeň</p>



<p>Při nedělních mších v 10 hodin zpívá katedrální Schola od sv. Bartoloměje (SsvB).</p>



<p>Ranní mše se zpěvem rorátů v podání plzeňského literátského bratrstva<br>každá adventní neděle od 6:45 hodin</p>



<p>24.12 &#8211; 24:00 půlnoční bohoslužba s biskupem mons. T. Holubem</p>



<p>25.12 &#8211;  10:00 mše na Hod boží s biskupem mons. T. Holubem, hudebně doprovází katedrální dětský sbor Špačci sv. Bartoloměje &#8211; Koledy v úpravě Víta Janaty a Radka Rejška</p>



<p>25.12 &#8211; 16:00 pontifikální nešpory (katedrální Schola od sv. Bartoloměje, Aleš Nosek, varhany)</p>



<p>1.1.2023 &#8211; 10:00 slavnost Matky Boží Panny Marie s biskupem mon. Tomášem Holubem, hudebně doprovází pěvecký sbor Resonance &#8211; Vánoční ordinárium Stanislava Jelínka v doprovodu žesťového kvartetu a varhan</p>



<p></p>



<p>Mohli jste slyšet:</p>



<p>5.12.2022 &#8211; 2. neděle adventní: <br>Jan Traján Turnovský &#8211; Všichni věrní křesťané<br>J.S.Bach &#8211; chorální předehra Wachet auf a chorál Procitni, ó lide Boží </p>



<p>20.11 – 10:00 Slavnost Ježíše Krista Krále –&nbsp;Úvod &#8211;&nbsp;Preludium a fuga Es dur – Moritz Brosig,&nbsp;Proprium od Jiřího Břízy v podání spojených sborů Resonance a Schola od sv. Bartoloměje, Postludium Toccata b-moll Louis Vierne</p>

<p>Upravit &#8222;2022 – hudba při liturgii – CHORÁL&#8220; ne 16. 10. 2022 (29. n. mezidobí) 10:00 katedrála Plzeň ne 27. 11. 2022 (1. adventní) 10:00 katedrála Plzeň Při nedělních mších v 10 hodin zpívá katedrální Schola od sv. Bartoloměje (SsvB). Ranní mše se zpěvem rorátů v podání plzeňského literátského bratrstvakaždá adventní neděle od 6:45 hodin &hellip; </p>
<p class="link-more"><a href="https://www.duchovnihudba.cz/index.php/2022-hudba-pri-liturgii/" class="more-link">Pokračovat ve čtení<span class="screen-reader-text"> &#8222;2022 &#8211; Hudba při liturgii v katedrále sv. Bartoloměje&#8220;</span></a></p>
