{"id":80,"date":"2018-03-03T10:07:07","date_gmt":"2018-03-03T10:07:07","guid":{"rendered":"http:\/\/www.duchovnihudba.cz\/?page_id=80"},"modified":"2022-09-24T09:09:23","modified_gmt":"2022-09-24T09:09:23","slug":"varhanni-kurz","status":"publish","type":"page","link":"https:\/\/www.duchovnihudba.cz\/index.php\/varhanni-kurz\/","title":{"rendered":"Varhann\u00ed kurzy 2018"},"content":{"rendered":"<p>P\u0159ihl\u00e1\u0161ka ke sta\u017een\u00ed: <a href=\"https:\/\/www.duchovnihudba.cz\/wp-content\/uploads\/2018\/04\/Letak_2018.pdf\">Letak_2018<\/a><\/p>\n<p><strong>V\u00e1\u017een\u00ed hudebn\u00edci plze\u0148sk\u00e9 diec\u00e9ze!<\/strong><br \/>\nP\u0159i Biskupstv\u00ed plze\u0148sk\u00e9m bude op\u011bt zah\u00e1jen dvoulet\u00fd<br \/>\nKurz pro amat\u00e9rsk\u00e9 chr\u00e1mov\u00e9 hudebn\u00edky plze\u0148sk\u00e9<br \/>\ndiec\u00e9ze. Tento kurz se kon\u00e1 pod odborn\u00fdm veden\u00edm<br \/>\nMgA. Mark\u00e9ty Schley Reindlov\u00e9 a M. Mu. Ale\u0161e Noska, regenschori plze\u0148sk\u00e9 katedr\u00e1ly. V tomto<br \/>\nlet\u00e1ku bychom V\u00e1s r\u00e1di informovali o pr\u016fb\u011bhu tohoto<br \/>\nkurzu a naleznete zde i kontakt, na kter\u00fd se m\u016f\u017eete<br \/>\nobr\u00e1tit s Va\u0161imi dotazy. Tento kurz nab\u00edz\u00ed komplexn\u00ed<br \/>\nvzd\u011bl\u00e1n\u00ed sou\u010dasn\u00fdm i budouc\u00edm chr\u00e1mov\u00fdm<br \/>\nhudebn\u00edk\u016fm: varhan\u00edk\u016fm, sbormistr\u016fm a \u0159editel\u016fm<br \/>\nk\u016fr\u016f.<\/p>\n<p><strong>Kdy?<\/strong><br \/>\nV\u00fduka se kon\u00e1 od z\u00e1\u0159\u00ed 2018 do \u010dervna 2020 ve<br \/>\ndvout\u00fddenn\u00edm cyklu, v\u017edy prvn\u00ed \u010dtvrtek a t\u0159et\u00ed sobotu<br \/>\nv m\u011bs\u00edci. Sou\u010d\u00e1st\u00ed kurzu je i letn\u00ed soust\u0159ed\u011bn\u00ed s intenzivn\u00ed<br \/>\nv\u00fdukou v dob\u011b letn\u00edch pr\u00e1zdnin a ka\u017edoro\u010dn\u00ed P\u0159ehl\u00eddka<br \/>\nvarhan\u00edk\u016f prvn\u00ed sobotu v \u010dervnu. V \u010dervenci a srpnu se<br \/>\npravideln\u00e1 v\u00fduka nekon\u00e1.<\/p>\n<p><strong>Kde?<\/strong><br \/>\nIndividu\u00e1ln\u00ed, skupinov\u00e1 i kolektivn\u00ed v\u00fduka prob\u00edh\u00e1 ve<br \/>\nvarhann\u00edm s\u00e1le a ve spole\u010densk\u00e9m s\u00e1le v prostor\u00e1ch<br \/>\n\u0159\u00edmskokatolick\u00e9 fary, Franti\u0161k\u00e1nsk\u00e1 11, Plze\u0148.<\/p>\n<p><strong>Co je n\u00e1pln\u00ed kurzu?<\/strong><br \/>\nTento kurz zahrnuje jak individu\u00e1ln\u00ed, tak skupinovou<br \/>\na kolektivn\u00ed v\u00fduku p\u0159edm\u011bt\u016f, pot\u0159ebn\u00fdch pro vykon\u00e1v\u00e1n\u00ed<br \/>\nfunkce varhan\u00edka, sbormistra a regenschoriho:<\/p>\n<p>varhany, liturgick\u00e1 varhann\u00ed hra a improvizace<br \/>\n(individu\u00e1ln\u00ed v\u00fduka)<br \/>\nzp\u011bv (skupinov\u00e1 v\u00fduka)<br \/>\nliturgika<br \/>\ngregori\u00e1nsk\u00fd chor\u00e1l<br \/>\nhudebn\u00ed teorie<br \/>\nnauka o varhan\u00e1ch<br \/>\nsbormistrovstv\u00ed<\/p>\n<p><strong>Kurzovn\u00e9?<\/strong><br \/>\n1500 K\u010d za p\u016fl roku, studenti 1000 K\u010d za p\u016fl roku,<br \/>\nplatba v z\u00e1\u0159\u00ed a v \u00fanoru hotov\u011b p\u0159i v\u00fduce.<\/p>\n<p><strong>Jak se p\u0159ihl\u00e1sit?<\/strong><br \/>\nVypl\u0148te, pros\u00edm, co nejd\u0159\u00edve p\u0159ilo\u017eenou p\u0159ihl\u00e1\u0161ku<br \/>\n(kapacita kurzu je omezen\u00e1!) a za\u0161lete na adresu:<br \/>\n\u0158\u00edmskokatolick\u00e1 farnost, Kurz pro chr\u00e1mov\u00e9 hudebn\u00edky,<br \/>\nFrati\u0161k\u00e1nsk\u00e1 11, 301 00 Plze\u0148, nebo e-mailem na adresu<br \/>\nschley.reindl@gmail.com<\/p>\n<p><strong>Uz\u00e1v\u011brka p\u0159ihl\u00e1\u0161ek je 20. 5. 2018!<\/strong><br \/>\nV\u0161ichni p\u0159ihl\u00e1\u0161en\u00ed uchaze\u010di budou pozv\u00e1ni k<br \/>\ninforma\u010dn\u00edmu setk\u00e1n\u00ed s p\u0159ehr\u00e1vkou, kter\u00e9 se bude<br \/>\nkonat ve \u010dtvrtek 31. kv\u011btna 2018 v 17:00<br \/>\nv prostor\u00e1ch \u0158\u00edmskokatolick\u00e9 fary, Frati\u0161k\u00e1nsk\u00e1 11,<br \/>\n301 00 Plze\u0148<\/p>\n<p>Informa\u010dn\u00ed setk\u00e1n\u00ed s p\u0159ehr\u00e1vkou<br \/>\nslou\u017e\u00ed ke zji\u0161t\u011bn\u00ed stupn\u011b technick\u00e9 zdatnosti ve h\u0159e na<br \/>\nklav\u00edr. Hra na varhany nen\u00ed nutn\u00e1.<br \/>\n<strong>Po\u017eadavky:<\/strong><br \/>\nHra na klav\u00edr:<br \/>\n1) p\u0159ednes dvou skladeb vlastn\u00edho v\u00fdb\u011bru<br \/>\n2) jednoduch\u00fd doprovod jedn\u00e9 lidov\u00e9 p\u00edsn\u011b, nebo<br \/>\np\u00edsn\u011b z kancion\u00e1lu vlastn\u00edho v\u00fdb\u011bru<br \/>\nHudebn\u00ed teorie:<br \/>\nZnalost z\u00e1kladn\u00edch interval\u016f, rozpozn\u00e1n\u00ed durov\u00fdch a<br \/>\nmollov\u00fdch akord\u016f, opakov\u00e1n\u00ed jednoduch\u00fdch rytmick\u00fdch<br \/>\nmodel\u016f.<br \/>\nZp\u011bv:<br \/>\np\u0159ednes jedn\u00e9 lidov\u00e9 p\u00edsn\u011b, nebo p\u00edsn\u011b z kancion\u00e1lu<br \/>\nvlastn\u00edho v\u00fdb\u011bru.<\/p>\n<p><strong>Dal\u0161\u00ed aktu\u00e1ln\u00ed term\u00edny:<\/strong><br \/>\nLetn\u00ed kurz pro varhan\u00edky v Tachov\u011b: 20.-25.8.2018<\/p>\n<p><strong>Ve\u0161ker\u00e9 dotazy zodpov\u00edme<\/strong><br \/>\n<strong>na e-mailov\u00e9 adrese:<\/strong><br \/>\n<strong>schley.reindl@gmail.com<\/strong><br \/>\n<strong>nebo na tel.: 737 427 795<br \/>\nnebo u regenschoriho, vizte kontakty<\/strong><\/p>\n","protected":false},"excerpt":{"rendered":"<p>P\u0159ihl\u00e1\u0161ka ke sta\u017een\u00ed: Letak_2018 V\u00e1\u017een\u00ed hudebn\u00edci plze\u0148sk\u00e9 diec\u00e9ze! P\u0159i Biskupstv\u00ed plze\u0148sk\u00e9m bude op\u011bt zah\u00e1jen dvoulet\u00fd Kurz pro amat\u00e9rsk\u00e9 chr\u00e1mov\u00e9 hudebn\u00edky plze\u0148sk\u00e9 diec\u00e9ze. Tento kurz se kon\u00e1 pod odborn\u00fdm veden\u00edm MgA. Mark\u00e9ty Schley Reindlov\u00e9 a M. Mu. Ale\u0161e Noska, regenschori plze\u0148sk\u00e9 katedr\u00e1ly. V tomto let\u00e1ku bychom V\u00e1s r\u00e1di informovali o pr\u016fb\u011bhu tohoto kurzu a naleznete zde &hellip; <\/p>\n<p class=\"link-more\"><a href=\"https:\/\/www.duchovnihudba.cz\/index.php\/varhanni-kurz\/\" class=\"more-link\">Pokra\u010dovat ve \u010dten\u00ed<span class=\"screen-reader-text\"> &#8222;Varhann\u00ed kurzy 2018&#8220;<\/span><\/a><\/p>\n","protected":false},"author":1,"featured_media":0,"parent":0,"menu_order":0,"comment_status":"closed","ping_status":"closed","template":"","meta":{"footnotes":""},"class_list":["post-80","page","type-page","status-publish","hentry"],"_links":{"self":[{"href":"https:\/\/www.duchovnihudba.cz\/index.php\/wp-json\/wp\/v2\/pages\/80","targetHints":{"allow":["GET"]}}],"collection":[{"href":"https:\/\/www.duchovnihudba.cz\/index.php\/wp-json\/wp\/v2\/pages"}],"about":[{"href":"https:\/\/www.duchovnihudba.cz\/index.php\/wp-json\/wp\/v2\/types\/page"}],"author":[{"embeddable":true,"href":"https:\/\/www.duchovnihudba.cz\/index.php\/wp-json\/wp\/v2\/users\/1"}],"replies":[{"embeddable":true,"href":"https:\/\/www.duchovnihudba.cz\/index.php\/wp-json\/wp\/v2\/comments?post=80"}],"version-history":[{"count":8,"href":"https:\/\/www.duchovnihudba.cz\/index.php\/wp-json\/wp\/v2\/pages\/80\/revisions"}],"predecessor-version":[{"id":328,"href":"https:\/\/www.duchovnihudba.cz\/index.php\/wp-json\/wp\/v2\/pages\/80\/revisions\/328"}],"wp:attachment":[{"href":"https:\/\/www.duchovnihudba.cz\/index.php\/wp-json\/wp\/v2\/media?parent=80"}],"curies":[{"name":"wp","href":"https:\/\/api.w.org\/{rel}","templated":true}]}}

Varhanní kurzy 2018

<p>Přihláška ke stažení: <a href="https://www.duchovnihudba.cz/wp-content/uploads/2018/04/Letak_2018.pdf">Letak_2018</a></p>
<p><strong>Vážení hudebníci plzeňské diecéze!</strong><br />
Při Biskupství plzeňském bude opět zahájen dvouletý<br />
Kurz pro amatérské chrámové hudebníky plzeňské<br />
diecéze. Tento kurz se koná pod odborným vedením<br />
MgA. Markéty Schley Reindlové a M. Mu. Aleše Noska, regenschori plzeňské katedrály. V tomto<br />
letáku bychom Vás rádi informovali o průběhu tohoto<br />
kurzu a naleznete zde i kontakt, na který se můžete<br />
obrátit s Vašimi dotazy. Tento kurz nabízí komplexní<br />
vzdělání současným i budoucím chrámovým<br />
hudebníkům: varhaníkům, sbormistrům a ředitelům<br />
kůrů.</p>
<p><strong>Kdy?</strong><br />
Výuka se koná od září 2018 do června 2020 ve<br />
dvoutýdenním cyklu, vždy první čtvrtek a třetí sobotu<br />
v měsíci. Součástí kurzu je i letní soustředění s intenzivní<br />
výukou v době letních prázdnin a každoroční Přehlídka<br />
varhaníků první sobotu v červnu. V červenci a srpnu se<br />
pravidelná výuka nekoná.</p>
<p><strong>Kde?</strong><br />
Individuální, skupinová i kolektivní výuka probíhá ve<br />
varhanním sále a ve společenském sále v prostorách<br />
římskokatolické fary, Františkánská 11, Plzeň.</p>
<p><strong>Co je náplní kurzu?</strong><br />
Tento kurz zahrnuje jak individuální, tak skupinovou<br />
a kolektivní výuku předmětů, potřebných pro vykonávání<br />
funkce varhaníka, sbormistra a regenschoriho:</p>
<p>varhany, liturgická varhanní hra a improvizace<br />
(individuální výuka)<br />
zpěv (skupinová výuka)<br />
liturgika<br />
gregoriánský chorál<br />
hudební teorie<br />
nauka o varhanách<br />
sbormistrovství</p>
<p><strong>Kurzovné?</strong><br />
1500 Kč za půl roku, studenti 1000 Kč za půl roku,<br />
platba v září a v únoru hotově při výuce.</p>
<p><strong>Jak se přihlásit?</strong><br />
Vyplňte, prosím, co nejdříve přiloženou přihlášku<br />
(kapacita kurzu je omezená!) a zašlete na adresu:<br />
Římskokatolická farnost, Kurz pro chrámové hudebníky,<br />
Fratiškánská 11, 301 00 Plzeň, nebo e-mailem na adresu<br />
schley.reindl@gmail.com</p>
<p><strong>Uzávěrka přihlášek je 20. 5. 2018!</strong><br />
Všichni přihlášení uchazeči budou pozváni k<br />
informačnímu setkání s přehrávkou, které se bude<br />
konat ve čtvrtek 31. května 2018 v 17:00<br />
v prostorách Římskokatolické fary, Fratiškánská 11,<br />
301 00 Plzeň</p>
<p>Informační setkání s přehrávkou<br />
slouží ke zjištění stupně technické zdatnosti ve hře na<br />
klavír. Hra na varhany není nutná.<br />
<strong>Požadavky:</strong><br />
Hra na klavír:<br />
1) přednes dvou skladeb vlastního výběru<br />
2) jednoduchý doprovod jedné lidové písně, nebo<br />
písně z kancionálu vlastního výběru<br />
Hudební teorie:<br />
Znalost základních intervalů, rozpoznání durových a<br />
mollových akordů, opakování jednoduchých rytmických<br />
modelů.<br />
Zpěv:<br />
přednes jedné lidové písně, nebo písně z kancionálu<br />
vlastního výběru.</p>
<p><strong>Další aktuální termíny:</strong><br />
Letní kurz pro varhaníky v Tachově: 20.-25.8.2018</p>
<p><strong>Veškeré dotazy zodpovíme</strong><br />
<strong>na e-mailové adrese:</strong><br />
<strong>schley.reindl@gmail.com</strong><br />
<strong>nebo na tel.: 737 427 795<br />
nebo u regenschoriho, vizte kontakty</strong></p>

<p>Přihláška ke stažení: Letak_2018 Vážení hudebníci plzeňské diecéze! Při Biskupství plzeňském bude opět zahájen dvouletý Kurz pro amatérské chrámové hudebníky plzeňské diecéze. Tento kurz se koná pod odborným vedením MgA. Markéty Schley Reindlové a M. Mu. Aleše Noska, regenschori plzeňské katedrály. V tomto letáku bychom Vás rádi informovali o průběhu tohoto kurzu a naleznete zde &hellip; </p>
<p class="link-more"><a href="https://www.duchovnihudba.cz/index.php/varhanni-kurz/" class="more-link">Pokračovat ve čtení<span class="screen-reader-text"> &#8222;Varhanní kurzy 2018&#8220;</span></a></p>
