{"id":910,"date":"2024-05-02T05:01:15","date_gmt":"2024-05-02T05:01:15","guid":{"rendered":"https:\/\/www.duchovnihudba.cz\/?page_id=910"},"modified":"2024-05-02T05:01:15","modified_gmt":"2024-05-02T05:01:15","slug":"obecne","status":"publish","type":"page","link":"https:\/\/www.duchovnihudba.cz\/index.php\/obecne\/","title":{"rendered":"Obecn\u00e9"},"content":{"rendered":"\n<p>N\u00e1sleduj\u00edc\u00ed kalend\u00e1rium obsahuje v p\u0159ehledn\u00e9 podob\u011b n\u011bkter\u00e9 dny liturgick\u00e9ho roku, ke kter\u00fdm je p\u0159i\u0159azena vhodn\u00e1 p\u00edse\u0148 z Kancion\u00e1lu.<\/p>\n\n\n\n<p>O n\u011bkter\u00fdch slavnostech, sv\u00e1tc\u00edch a pam\u00e1tk\u00e1ch Svat\u00fdch je v\u0161ak v\u00edce mo\u017enost\u00ed, jak pokr\u00fdt celou m\u0161i, zvi. kdy\u017e se neum\u00ed uveden\u00e1 vhodn\u00e1 p\u00edse\u0148 (viz Obecn\u00e9 z\u00e1sady s. 6).<\/p>\n\n\n\n<p>N\u00e1sleduj\u00edc\u00ed rozpis p\u00edsn\u00ed vych\u00e1z\u00ed z p\u0159edpo\u00adkladu, \u017ee se pou\u017e\u00edvaj\u00ed v\u0161echny p\u00edsn\u011b, kter\u00e9 jsou v Kancion\u00e1lu; k tomuto \u017e\u00e1douc\u00edmu stavu chce tak\u00e9 motivovat.<\/p>\n","protected":false},"excerpt":{"rendered":"<p>N\u00e1sleduj\u00edc\u00ed kalend\u00e1rium obsahuje v p\u0159ehledn\u00e9 podob\u011b n\u011bkter\u00e9 dny liturgick\u00e9ho roku, ke kter\u00fdm je p\u0159i\u0159azena vhodn\u00e1 p\u00edse\u0148 z Kancion\u00e1lu. O n\u011bkter\u00fdch slavnostech, sv\u00e1tc\u00edch a pam\u00e1tk\u00e1ch Svat\u00fdch je v\u0161ak v\u00edce mo\u017enost\u00ed, jak pokr\u00fdt celou m\u0161i, zvi. kdy\u017e se neum\u00ed uveden\u00e1 vhodn\u00e1 p\u00edse\u0148 (viz Obecn\u00e9 z\u00e1sady s. 6). N\u00e1sleduj\u00edc\u00ed rozpis p\u00edsn\u00ed vych\u00e1z\u00ed z p\u0159edpo\u00adkladu, \u017ee se pou\u017e\u00edvaj\u00ed v\u0161echny &hellip; <\/p>\n<p class=\"link-more\"><a href=\"https:\/\/www.duchovnihudba.cz\/index.php\/obecne\/\" class=\"more-link\">Pokra\u010dovat ve \u010dten\u00ed<span class=\"screen-reader-text\"> &#8222;Obecn\u00e9&#8220;<\/span><\/a><\/p>\n","protected":false},"author":1,"featured_media":0,"parent":0,"menu_order":0,"comment_status":"closed","ping_status":"closed","template":"","meta":{"footnotes":""},"class_list":["post-910","page","type-page","status-publish","hentry"],"_links":{"self":[{"href":"https:\/\/www.duchovnihudba.cz\/index.php\/wp-json\/wp\/v2\/pages\/910","targetHints":{"allow":["GET"]}}],"collection":[{"href":"https:\/\/www.duchovnihudba.cz\/index.php\/wp-json\/wp\/v2\/pages"}],"about":[{"href":"https:\/\/www.duchovnihudba.cz\/index.php\/wp-json\/wp\/v2\/types\/page"}],"author":[{"embeddable":true,"href":"https:\/\/www.duchovnihudba.cz\/index.php\/wp-json\/wp\/v2\/users\/1"}],"replies":[{"embeddable":true,"href":"https:\/\/www.duchovnihudba.cz\/index.php\/wp-json\/wp\/v2\/comments?post=910"}],"version-history":[{"count":1,"href":"https:\/\/www.duchovnihudba.cz\/index.php\/wp-json\/wp\/v2\/pages\/910\/revisions"}],"predecessor-version":[{"id":911,"href":"https:\/\/www.duchovnihudba.cz\/index.php\/wp-json\/wp\/v2\/pages\/910\/revisions\/911"}],"wp:attachment":[{"href":"https:\/\/www.duchovnihudba.cz\/index.php\/wp-json\/wp\/v2\/media?parent=910"}],"curies":[{"name":"wp","href":"https:\/\/api.w.org\/{rel}","templated":true}]}}