{"id":928,"date":"2024-05-02T05:16:22","date_gmt":"2024-05-02T05:16:22","guid":{"rendered":"https:\/\/www.duchovnihudba.cz\/?page_id=928"},"modified":"2024-05-02T05:16:22","modified_gmt":"2024-05-02T05:16:22","slug":"srpen","status":"publish","type":"page","link":"https:\/\/www.duchovnihudba.cz\/index.php\/srpen\/","title":{"rendered":"Srpen"},"content":{"rendered":"\n<p class=\"wp-block-paragraph\"><strong>5.<\/strong><em>&nbsp;&nbsp;&nbsp;&nbsp;&nbsp;&nbsp;&nbsp;&nbsp;&nbsp;&nbsp; Slav\u00ed-li se nez\u00e1vazn\u00e1 pam\u00e1tka <strong>Posv\u011bcen\u00ed \u0159\u00edmsk\u00e9 baziliky Panny Marie<\/strong><\/em><\/p>\n\n\n\n<p class=\"wp-block-paragraph\">&#8211; p\u00edse\u0148 z odd. <strong>801 <\/strong>ad.<\/p>\n\n\n\n<p class=\"wp-block-paragraph\"><strong>6.<\/strong>&nbsp;&nbsp;&nbsp;&nbsp;&nbsp;&nbsp;&nbsp;&nbsp;&nbsp;&nbsp; Sv\u00e1tek <strong>Prom\u011bn\u011bn\u00ed P\u00e1n\u011b<\/strong><\/p>\n\n\n\n<p class=\"wp-block-paragraph\">&#8211; 707, na z\u00e1v\u011br 703<\/p>\n\n\n\n<p class=\"wp-block-paragraph\"><strong>11.<\/strong>&nbsp;&nbsp;&nbsp;&nbsp;&nbsp;&nbsp;&nbsp;&nbsp;&nbsp; Pam\u00e1tka <strong>sv. Kl\u00e1ry, <\/strong>panny<\/p>\n\n\n\n<p class=\"wp-block-paragraph\">&#8211; mo\u017eno hr\u00e1t p\u00edsn\u011b jako v den sv. Franti\u0161ka z Assisi (4. \u0159\u00edjna) <strong>909,928<\/strong><\/p>\n\n\n\n<p class=\"wp-block-paragraph\"><strong>22.<\/strong>&nbsp;&nbsp;&nbsp;&nbsp;&nbsp;&nbsp;&nbsp;&nbsp;&nbsp; Pam\u00e1tka <strong>Panny Marie Kr\u00e1lovny<\/strong><\/p>\n\n\n\n<p class=\"wp-block-paragraph\">&#8211; p\u00edsn\u011b z odd. <strong>801 <\/strong>ad., (vhodn\u00e9 jsou zvi. <strong>802, 807 &#8211; <\/strong>viz refr\u00e9n), na z\u00e1v\u011br <strong>815<\/strong><\/p>\n\n\n\n<p class=\"wp-block-paragraph\"><strong>29.<\/strong>&nbsp;&nbsp;&nbsp;&nbsp;&nbsp;&nbsp;&nbsp;&nbsp;&nbsp; Pam\u00e1tka <strong>Umu\u010den\u00ed sv. Jana K\u0159titele<\/strong><\/p>\n\n\n\n<p class=\"wp-block-paragraph\">&#8211; p\u00edsn\u011b jako 24. \u010dervna: <strong>121*<\/strong><\/p>\n","protected":false},"excerpt":{"rendered":"<p>5.&nbsp;&nbsp;&nbsp;&nbsp;&nbsp;&nbsp;&nbsp;&nbsp;&nbsp;&nbsp; Slav\u00ed-li se nez\u00e1vazn\u00e1 pam\u00e1tka Posv\u011bcen\u00ed \u0159\u00edmsk\u00e9 baziliky Panny Marie &#8211; p\u00edse\u0148 z odd. 801 ad. 6.&nbsp;&nbsp;&nbsp;&nbsp;&nbsp;&nbsp;&nbsp;&nbsp;&nbsp;&nbsp; Sv\u00e1tek Prom\u011bn\u011bn\u00ed P\u00e1n\u011b &#8211; 707, na z\u00e1v\u011br 703 11.&nbsp;&nbsp;&nbsp;&nbsp;&nbsp;&nbsp;&nbsp;&nbsp;&nbsp; Pam\u00e1tka sv. Kl\u00e1ry, panny &#8211; mo\u017eno hr\u00e1t p\u00edsn\u011b jako v den sv. Franti\u0161ka z Assisi (4. \u0159\u00edjna) 909,928 22.&nbsp;&nbsp;&nbsp;&nbsp;&nbsp;&nbsp;&nbsp;&nbsp;&nbsp; Pam\u00e1tka Panny Marie Kr\u00e1lovny &#8211; p\u00edsn\u011b z odd. 801 ad., &hellip; <\/p>\n<p class=\"link-more\"><a href=\"https:\/\/www.duchovnihudba.cz\/index.php\/srpen\/\" class=\"more-link\">Pokra\u010dovat ve \u010dten\u00ed<span class=\"screen-reader-text\"> &#8222;Srpen&#8220;<\/span><\/a><\/p>\n","protected":false},"author":1,"featured_media":0,"parent":0,"menu_order":0,"comment_status":"closed","ping_status":"closed","template":"","meta":{"footnotes":""},"class_list":["post-928","page","type-page","status-publish","hentry"],"_links":{"self":[{"href":"https:\/\/www.duchovnihudba.cz\/index.php\/wp-json\/wp\/v2\/pages\/928","targetHints":{"allow":["GET"]}}],"collection":[{"href":"https:\/\/www.duchovnihudba.cz\/index.php\/wp-json\/wp\/v2\/pages"}],"about":[{"href":"https:\/\/www.duchovnihudba.cz\/index.php\/wp-json\/wp\/v2\/types\/page"}],"author":[{"embeddable":true,"href":"https:\/\/www.duchovnihudba.cz\/index.php\/wp-json\/wp\/v2\/users\/1"}],"replies":[{"embeddable":true,"href":"https:\/\/www.duchovnihudba.cz\/index.php\/wp-json\/wp\/v2\/comments?post=928"}],"version-history":[{"count":1,"href":"https:\/\/www.duchovnihudba.cz\/index.php\/wp-json\/wp\/v2\/pages\/928\/revisions"}],"predecessor-version":[{"id":929,"href":"https:\/\/www.duchovnihudba.cz\/index.php\/wp-json\/wp\/v2\/pages\/928\/revisions\/929"}],"wp:attachment":[{"href":"https:\/\/www.duchovnihudba.cz\/index.php\/wp-json\/wp\/v2\/media?parent=928"}],"curies":[{"name":"wp","href":"https:\/\/api.w.org\/{rel}","templated":true}]}}

<p class="wp-block-paragraph"><strong>5.</strong><em>&nbsp;&nbsp;&nbsp;&nbsp;&nbsp;&nbsp;&nbsp;&nbsp;&nbsp;&nbsp; Slaví-li se nezávazná památka <strong>Posvěcení římské baziliky Panny Marie</strong></em></p>



<p class="wp-block-paragraph">&#8211; píseň z odd. <strong>801 </strong>ad.</p>



<p class="wp-block-paragraph"><strong>6.</strong>&nbsp;&nbsp;&nbsp;&nbsp;&nbsp;&nbsp;&nbsp;&nbsp;&nbsp;&nbsp; Svátek <strong>Proměnění Páně</strong></p>



<p class="wp-block-paragraph">&#8211; 707, na závěr 703</p>



<p class="wp-block-paragraph"><strong>11.</strong>&nbsp;&nbsp;&nbsp;&nbsp;&nbsp;&nbsp;&nbsp;&nbsp;&nbsp; Památka <strong>sv. Kláry, </strong>panny</p>



<p class="wp-block-paragraph">&#8211; možno hrát písně jako v den sv. Františka z Assisi (4. října) <strong>909,928</strong></p>



<p class="wp-block-paragraph"><strong>22.</strong>&nbsp;&nbsp;&nbsp;&nbsp;&nbsp;&nbsp;&nbsp;&nbsp;&nbsp; Památka <strong>Panny Marie Královny</strong></p>



<p class="wp-block-paragraph">&#8211; písně z odd. <strong>801 </strong>ad., (vhodné jsou zvi. <strong>802, 807 &#8211; </strong>viz refrén), na závěr <strong>815</strong></p>



<p class="wp-block-paragraph"><strong>29.</strong>&nbsp;&nbsp;&nbsp;&nbsp;&nbsp;&nbsp;&nbsp;&nbsp;&nbsp; Památka <strong>Umučení sv. Jana Křtitele</strong></p>



<p class="wp-block-paragraph">&#8211; písně jako 24. června: <strong>121*</strong></p>

<p>5.&nbsp;&nbsp;&nbsp;&nbsp;&nbsp;&nbsp;&nbsp;&nbsp;&nbsp;&nbsp; Slaví-li se nezávazná památka Posvěcení římské baziliky Panny Marie &#8211; píseň z odd. 801 ad. 6.&nbsp;&nbsp;&nbsp;&nbsp;&nbsp;&nbsp;&nbsp;&nbsp;&nbsp;&nbsp; Svátek Proměnění Páně &#8211; 707, na závěr 703 11.&nbsp;&nbsp;&nbsp;&nbsp;&nbsp;&nbsp;&nbsp;&nbsp;&nbsp; Památka sv. Kláry, panny &#8211; možno hrát písně jako v den sv. Františka z Assisi (4. října) 909,928 22.&nbsp;&nbsp;&nbsp;&nbsp;&nbsp;&nbsp;&nbsp;&nbsp;&nbsp; Památka Panny Marie Královny &#8211; písně z odd. 801 ad., &hellip; </p>
<p class="link-more"><a href="https://www.duchovnihudba.cz/index.php/srpen/" class="more-link">Pokračovat ve čtení<span class="screen-reader-text"> &#8222;Srpen&#8220;</span></a></p>
