{"id":951,"date":"2024-05-24T16:58:00","date_gmt":"2024-05-24T16:58:00","guid":{"rendered":"https:\/\/www.duchovnihudba.cz\/?page_id=951"},"modified":"2024-05-24T16:58:00","modified_gmt":"2024-05-24T16:58:00","slug":"svatosti-a-dalsi-bohosluzby","status":"publish","type":"page","link":"https:\/\/www.duchovnihudba.cz\/index.php\/svatosti-a-dalsi-bohosluzby\/","title":{"rendered":"<strong>SV\u00c1TOSTI A DAL\u0160\u00cd BOHOSLU\u017dBY<\/strong>"},"content":{"rendered":"\n<p><strong>K\u0159est <\/strong>se kon\u00e1 obvykle mimo m\u0161i; pou\u017eijeme <strong>906. <\/strong>Kon\u00e1-li se p\u0159i m\u0161i, je formul\u00e1\u0159 a tedy i p\u00edsn\u011b z p\u0159\u00edslu\u0161n\u00e9ho dne; v ned\u011bli nen\u00ed V\u011b\u0159\u00edm. P\u0159i vlastn\u00edm me\u0161n\u00edm formul\u00e1\u0159i se vhodn\u00fdm zp\u016fsobem pou\u017eije <strong>906.<\/strong><\/p>\n\n\n\n<p>V ned\u011ble adventn\u00ed, postn\u00ed, velikono\u010dn\u00ed, na slavnosti, na Popele\u010dn\u00ed st\u0159edu a ve Svat\u00e9m t\u00fddnu mus\u00ed b\u00fdt me\u0161n\u00ed formul\u00e1\u0159 z t\u011bchto dn\u016f, nesm\u00ed b\u00fdt formul\u00e1\u0159 nap\u0159. k bi\u0159mov\u00e1n\u00ed, pomaz\u00e1n\u00ed nemocn\u00fdch, svatebn\u00ed, poh\u0159ebn\u00ed. Toto mus\u00ed respektovat i v\u00fdb\u011br p\u00edsn\u00ed a hudby k t\u011bmto m\u0161\u00edm; nap\u0159. p\u0159i poh\u0159ebn\u00ed m\u0161i na adventn\u00ed ned\u011bli se mus\u00ed zp\u00edvat p\u00edsn\u011b adventn\u00ed, nikoliv za zem\u0159el\u00e9.<\/p>\n\n\n\n<p><strong>Bi\u0159mov\u00e1n\u00ed <\/strong>je pravideln\u011b ve m\u0161i. P\u0159i vlastn\u00edm formul\u00e1\u0159i zp\u00edv\u00e1me <strong>421, 424, 425. <\/strong>P\u0159i maz\u00e1n\u00ed k\u0159i\u017e\u00admem <strong>422, 423. <\/strong>V ned\u011bli a slavnosti nen\u00ed V\u011b\u0159\u00edm, ve v\u0161edn\u00ed dny ani Sl\u00e1va.<\/p>\n\n\n\n<p>P\u0159i hromadn\u00e9m ud\u011blov\u00e1n\u00ed <strong>pomaz\u00e1n\u00ed nemoc\u00adn\u00fdch <\/strong>zp\u00edv\u00e1me <strong>525, <\/strong>jinak p\u00edsn\u011b podle liturgick\u00e9 doby. P\u0159i vkl\u00e1d\u00e1n\u00ed rukou &#8211; symbol p\u016fsoben\u00ed Ducha Svat\u00e9ho &#8211; <strong>422,423.<\/strong><\/p>\n\n\n\n<p>P\u0159i <strong>svatebn\u00ed m\u0161i <\/strong>zp\u00edv\u00e1me <strong>916 <\/strong>a db\u00e1me na to, aby p\u0159\u00edpadn\u00e9 vlo\u017eky nebyly vylo\u017een\u011b hudba sv\u011btsk\u00e1.<\/p>\n\n\n\n<p>P\u0159i <strong>poh\u0159ebn\u00ed <\/strong>m\u0161i zp\u00edv\u00e1me <strong>921, 923, 925; <\/strong>p\u00edsn\u011b <strong>922, 924, 926 <\/strong>na vhodn\u00fdch m\u00edstech po\u00adh\u0159ebn\u00edho ob\u0159adu.<\/p>\n\n\n\n<p>P\u0159i <strong>bohoslu\u017eb\u011b slova <\/strong>z\u00e1sadn\u011b nepou\u017e\u00edv\u00e1me me\u0161n\u00ed p\u00edsn\u011b. Pou\u017e\u00edv\u00e1me p\u00edsn\u011b z liturgick\u00e9 doby, p\u0159\u00edle\u017eitostn\u00e9 a k sv\u00e1t\u00fdm; k p\u0159\u00edpadn\u00e9 eucharistick\u00e9 adoraci resp. p\u0159ij\u00edm\u00e1n\u00ed t\u011bla Kristova p\u0159\u00edslu\u0161n\u00e9 p\u00edsn\u011b o P\u00e1nu Je\u017e\u00ed\u0161i.<\/p>\n\n\n\n<p>Pro jakoukoliv bohoslu\u017ebu, p\u0159i kter\u00e9 se p\u0159in\u00e1\u0161\u00ed ze svatost\u00e1nku t\u011blo Kristovo, plat\u00ed tato z\u00e1sada: Od chv\u00edle, kdy se svatost\u00e1nek otev\u0159e, do chv\u00edle, kdy se zav\u0159e, se nezp\u00edv\u00e1 pop\u0159. na varhany nehraje nic jin\u00e9ho, ne\u017e eucharistick\u00e9 p\u00edsn\u011b a zp\u011bvy.<\/p>\n","protected":false},"excerpt":{"rendered":"<p>K\u0159est se kon\u00e1 obvykle mimo m\u0161i; pou\u017eijeme 906. Kon\u00e1-li se p\u0159i m\u0161i, je formul\u00e1\u0159 a tedy i p\u00edsn\u011b z p\u0159\u00edslu\u0161n\u00e9ho dne; v ned\u011bli nen\u00ed V\u011b\u0159\u00edm. P\u0159i vlastn\u00edm me\u0161n\u00edm formul\u00e1\u0159i se vhodn\u00fdm zp\u016fsobem pou\u017eije 906. V ned\u011ble adventn\u00ed, postn\u00ed, velikono\u010dn\u00ed, na slavnosti, na Popele\u010dn\u00ed st\u0159edu a ve Svat\u00e9m t\u00fddnu mus\u00ed b\u00fdt me\u0161n\u00ed formul\u00e1\u0159 z t\u011bchto dn\u016f, &hellip; <\/p>\n<p class=\"link-more\"><a href=\"https:\/\/www.duchovnihudba.cz\/index.php\/svatosti-a-dalsi-bohosluzby\/\" class=\"more-link\">Pokra\u010dovat ve \u010dten\u00ed<span class=\"screen-reader-text\"> &#8222;<strong>SV\u00c1TOSTI A DAL\u0160\u00cd BOHOSLU\u017dBY<\/strong>&#8222;<\/span><\/a><\/p>\n","protected":false},"author":1,"featured_media":0,"parent":0,"menu_order":0,"comment_status":"closed","ping_status":"closed","template":"","meta":{"footnotes":""},"class_list":["post-951","page","type-page","status-publish","hentry"],"_links":{"self":[{"href":"https:\/\/www.duchovnihudba.cz\/index.php\/wp-json\/wp\/v2\/pages\/951","targetHints":{"allow":["GET"]}}],"collection":[{"href":"https:\/\/www.duchovnihudba.cz\/index.php\/wp-json\/wp\/v2\/pages"}],"about":[{"href":"https:\/\/www.duchovnihudba.cz\/index.php\/wp-json\/wp\/v2\/types\/page"}],"author":[{"embeddable":true,"href":"https:\/\/www.duchovnihudba.cz\/index.php\/wp-json\/wp\/v2\/users\/1"}],"replies":[{"embeddable":true,"href":"https:\/\/www.duchovnihudba.cz\/index.php\/wp-json\/wp\/v2\/comments?post=951"}],"version-history":[{"count":1,"href":"https:\/\/www.duchovnihudba.cz\/index.php\/wp-json\/wp\/v2\/pages\/951\/revisions"}],"predecessor-version":[{"id":952,"href":"https:\/\/www.duchovnihudba.cz\/index.php\/wp-json\/wp\/v2\/pages\/951\/revisions\/952"}],"wp:attachment":[{"href":"https:\/\/www.duchovnihudba.cz\/index.php\/wp-json\/wp\/v2\/media?parent=951"}],"curies":[{"name":"wp","href":"https:\/\/api.w.org\/{rel}","templated":true}]}}

<strong>SVÁTOSTI A DALŠÍ BOHOSLUŽBY</strong>

<p><strong>Křest </strong>se koná obvykle mimo mši; použijeme <strong>906. </strong>Koná-li se při mši, je formulář a tedy i písně z příslušného dne; v neděli není Věřím. Při vlastním mešním formuláři se vhodným způsobem použije <strong>906.</strong></p>



<p>V neděle adventní, postní, velikonoční, na slavnosti, na Popeleční středu a ve Svatém týdnu musí být mešní formulář z těchto dnů, nesmí být formulář např. k biřmování, pomazání nemocných, svatební, pohřební. Toto musí respektovat i výběr písní a hudby k těmto mším; např. při pohřební mši na adventní neděli se musí zpívat písně adventní, nikoliv za zemřelé.</p>



<p><strong>Biřmování </strong>je pravidelně ve mši. Při vlastním formuláři zpíváme <strong>421, 424, 425. </strong>Při mazání křiž­mem <strong>422, 423. </strong>V neděli a slavnosti není Věřím, ve všední dny ani Sláva.</p>



<p>Při hromadném udělování <strong>pomazání nemoc­ných </strong>zpíváme <strong>525, </strong>jinak písně podle liturgické doby. Při vkládání rukou &#8211; symbol působení Ducha Svatého &#8211; <strong>422,423.</strong></p>



<p>Při <strong>svatební mši </strong>zpíváme <strong>916 </strong>a dbáme na to, aby případné vložky nebyly vyloženě hudba světská.</p>



<p>Při <strong>pohřební </strong>mši zpíváme <strong>921, 923, 925; </strong>písně <strong>922, 924, 926 </strong>na vhodných místech po­hřebního obřadu.</p>



<p>Při <strong>bohoslužbě slova </strong>zásadně nepoužíváme mešní písně. Používáme písně z liturgické doby, příležitostné a k svátým; k případné eucharistické adoraci resp. přijímání těla Kristova příslušné písně o Pánu Ježíši.</p>



<p>Pro jakoukoliv bohoslužbu, při které se přináší ze svatostánku tělo Kristovo, platí tato zásada: Od chvíle, kdy se svatostánek otevře, do chvíle, kdy se zavře, se nezpívá popř. na varhany nehraje nic jiného, než eucharistické písně a zpěvy.</p>

<p>Křest se koná obvykle mimo mši; použijeme 906. Koná-li se při mši, je formulář a tedy i písně z příslušného dne; v neděli není Věřím. Při vlastním mešním formuláři se vhodným způsobem použije 906. V neděle adventní, postní, velikonoční, na slavnosti, na Popeleční středu a ve Svatém týdnu musí být mešní formulář z těchto dnů, &hellip; </p>
<p class="link-more"><a href="https://www.duchovnihudba.cz/index.php/svatosti-a-dalsi-bohosluzby/" class="more-link">Pokračovat ve čtení<span class="screen-reader-text"> &#8222;<strong>SVÁTOSTI A DALŠÍ BOHOSLUŽBY</strong>&#8222;</span></a></p>
