{"id":965,"date":"2024-05-24T17:24:53","date_gmt":"2024-05-24T17:24:53","guid":{"rendered":"https:\/\/www.duchovnihudba.cz\/?page_id=965"},"modified":"2024-05-24T17:24:53","modified_gmt":"2024-05-24T17:24:53","slug":"doba-postni","status":"publish","type":"page","link":"https:\/\/www.duchovnihudba.cz\/index.php\/doba-postni\/","title":{"rendered":"DOBA POSTN\u00cd"},"content":{"rendered":"\n<p>Popele\u010dn\u00ed st\u0159eda 664 \u010dt 662 p\u00e1 665 so 661<\/p>\n\n\n\n<p><strong>1.&nbsp;&nbsp;&nbsp;&nbsp; ned\u011ble&nbsp;&nbsp;&nbsp;&nbsp; A 664&nbsp;&nbsp;&nbsp;&nbsp;&nbsp; B 664&nbsp;&nbsp;&nbsp;&nbsp;&nbsp; C 668<\/strong><\/p>\n\n\n\n<p>po 684&nbsp;&nbsp;&nbsp;&nbsp;&nbsp;&nbsp;&nbsp;&nbsp;&nbsp;&nbsp;&nbsp;&nbsp; \u016ft633&nbsp;&nbsp;&nbsp;&nbsp;&nbsp;&nbsp; st 664&nbsp;&nbsp;&nbsp;&nbsp;&nbsp;&nbsp; \u010dt668&nbsp;&nbsp;&nbsp;&nbsp;&nbsp;&nbsp; p\u00e1661&nbsp;&nbsp;&nbsp;&nbsp;&nbsp;&nbsp; so&nbsp; 662<\/p>\n\n\n\n<p><strong>2.&nbsp;&nbsp;&nbsp;&nbsp; ned\u011ble A 602,655&nbsp;&nbsp;&nbsp;&nbsp;&nbsp;&nbsp;&nbsp;&nbsp;&nbsp;&nbsp;&nbsp;&nbsp;&nbsp;&nbsp;&nbsp;&nbsp;&nbsp;&nbsp; B666&nbsp;&nbsp;&nbsp;&nbsp;&nbsp;&nbsp;&nbsp; C657<\/strong><\/p>\n\n\n\n<p>po 665&nbsp;&nbsp;&nbsp;&nbsp;&nbsp;&nbsp;&nbsp;&nbsp;&nbsp;&nbsp;&nbsp;&nbsp; \u00fat 663&nbsp;&nbsp;&nbsp;&nbsp;&nbsp; st 668&nbsp;&nbsp;&nbsp;&nbsp;&nbsp; \u010dt 654&nbsp;&nbsp;&nbsp;&nbsp;&nbsp;&nbsp; p\u00e1 652&nbsp;&nbsp;&nbsp;&nbsp;&nbsp; so 655<\/p>\n\n\n\n<p><strong>3.&nbsp;&nbsp;&nbsp;&nbsp; ned\u011ble&nbsp;&nbsp;&nbsp;&nbsp; A 667&nbsp;&nbsp;&nbsp;&nbsp;&nbsp; B 684&nbsp;&nbsp;&nbsp;&nbsp;&nbsp;&nbsp; C 655<\/strong><\/p>\n\n\n\n<p>(667)po 658&nbsp;&nbsp;&nbsp;&nbsp;&nbsp; \u00fat 662&nbsp;&nbsp;&nbsp;&nbsp; st 656&nbsp;&nbsp;&nbsp;&nbsp;&nbsp; \u010dt 667&nbsp;&nbsp;&nbsp;&nbsp;&nbsp;&nbsp; p\u00e1 662&nbsp;&nbsp;&nbsp;&nbsp;&nbsp; so&nbsp; 665<\/p>\n\n\n\n<p><strong>4.&nbsp;&nbsp;&nbsp;&nbsp; ned\u011ble&nbsp;&nbsp;&nbsp;&nbsp; A 672\/3&nbsp;&nbsp;&nbsp;&nbsp;&nbsp; B664&nbsp;&nbsp;&nbsp; C633<\/strong><\/p>\n\n\n\n<p>(657)po656&nbsp;&nbsp;&nbsp;&nbsp;&nbsp;&nbsp; \u00fat652&nbsp;&nbsp;&nbsp;&nbsp;&nbsp; st 655&nbsp;&nbsp;&nbsp;&nbsp;&nbsp; \u010ct669&nbsp;&nbsp;&nbsp;&nbsp;&nbsp;&nbsp; p\u00e1663&nbsp;&nbsp;&nbsp;&nbsp;&nbsp;&nbsp; so&nbsp; 668<\/p>\n\n\n\n<p><strong>5.&nbsp;&nbsp;&nbsp;&nbsp; ned\u011ble&nbsp;&nbsp;&nbsp;&nbsp; A 669&nbsp;&nbsp;&nbsp;&nbsp;&nbsp; B665&nbsp;&nbsp;&nbsp;&nbsp;&nbsp;&nbsp; C651<\/strong><\/p>\n\n\n\n<p>(663)po 672\/3&nbsp;&nbsp;&nbsp;&nbsp;&nbsp; \u00fat 663&nbsp; st 653&nbsp;&nbsp;&nbsp;&nbsp;&nbsp; \u010dt656&nbsp;&nbsp;&nbsp;&nbsp;&nbsp;&nbsp;&nbsp; p\u00e1668&nbsp;&nbsp;&nbsp;&nbsp;&nbsp;&nbsp; so&nbsp; 657<\/p>\n\n\n\n<p><strong>6.&nbsp;&nbsp;&nbsp;&nbsp; ned\u011ble vlastn\u00ed text<\/strong><\/p>\n\n\n\n<p>po 657&nbsp;&nbsp;&nbsp;&nbsp;&nbsp;&nbsp;&nbsp;&nbsp;&nbsp;&nbsp;&nbsp;&nbsp; \u00fat 654&nbsp;&nbsp;&nbsp;&nbsp;&nbsp;&nbsp; st 661<\/p>\n\n\n\n<p><strong>Zelen\u00fd \u010dtvrtek, Velk\u00fd patek, Velikono\u010dn\u00ed vigilie &#8211; v\u0161echny \u017ealmy vlastn\u00ed.<\/strong><\/p>\n","protected":false},"excerpt":{"rendered":"<p>Popele\u010dn\u00ed st\u0159eda 664 \u010dt 662 p\u00e1 665 so 661 1.&nbsp;&nbsp;&nbsp;&nbsp; ned\u011ble&nbsp;&nbsp;&nbsp;&nbsp; A 664&nbsp;&nbsp;&nbsp;&nbsp;&nbsp; B 664&nbsp;&nbsp;&nbsp;&nbsp;&nbsp; C 668 po 684&nbsp;&nbsp;&nbsp;&nbsp;&nbsp;&nbsp;&nbsp;&nbsp;&nbsp;&nbsp;&nbsp;&nbsp; \u016ft633&nbsp;&nbsp;&nbsp;&nbsp;&nbsp;&nbsp; st 664&nbsp;&nbsp;&nbsp;&nbsp;&nbsp;&nbsp; \u010dt668&nbsp;&nbsp;&nbsp;&nbsp;&nbsp;&nbsp; p\u00e1661&nbsp;&nbsp;&nbsp;&nbsp;&nbsp;&nbsp; so&nbsp; 662 2.&nbsp;&nbsp;&nbsp;&nbsp; ned\u011ble A 602,655&nbsp;&nbsp;&nbsp;&nbsp;&nbsp;&nbsp;&nbsp;&nbsp;&nbsp;&nbsp;&nbsp;&nbsp;&nbsp;&nbsp;&nbsp;&nbsp;&nbsp;&nbsp; B666&nbsp;&nbsp;&nbsp;&nbsp;&nbsp;&nbsp;&nbsp; C657 po 665&nbsp;&nbsp;&nbsp;&nbsp;&nbsp;&nbsp;&nbsp;&nbsp;&nbsp;&nbsp;&nbsp;&nbsp; \u00fat 663&nbsp;&nbsp;&nbsp;&nbsp;&nbsp; st 668&nbsp;&nbsp;&nbsp;&nbsp;&nbsp; \u010dt 654&nbsp;&nbsp;&nbsp;&nbsp;&nbsp;&nbsp; p\u00e1 652&nbsp;&nbsp;&nbsp;&nbsp;&nbsp; so 655 3.&nbsp;&nbsp;&nbsp;&nbsp; ned\u011ble&nbsp;&nbsp;&nbsp;&nbsp; A 667&nbsp;&nbsp;&nbsp;&nbsp;&nbsp; B 684&nbsp;&nbsp;&nbsp;&nbsp;&nbsp;&nbsp; C 655 (667)po 658&nbsp;&nbsp;&nbsp;&nbsp;&nbsp; \u00fat &hellip; <\/p>\n<p class=\"link-more\"><a href=\"https:\/\/www.duchovnihudba.cz\/index.php\/doba-postni\/\" class=\"more-link\">Pokra\u010dovat ve \u010dten\u00ed<span class=\"screen-reader-text\"> &#8222;DOBA POSTN\u00cd&#8220;<\/span><\/a><\/p>\n","protected":false},"author":1,"featured_media":0,"parent":0,"menu_order":0,"comment_status":"closed","ping_status":"closed","template":"","meta":{"footnotes":""},"class_list":["post-965","page","type-page","status-publish","hentry"],"_links":{"self":[{"href":"https:\/\/www.duchovnihudba.cz\/index.php\/wp-json\/wp\/v2\/pages\/965","targetHints":{"allow":["GET"]}}],"collection":[{"href":"https:\/\/www.duchovnihudba.cz\/index.php\/wp-json\/wp\/v2\/pages"}],"about":[{"href":"https:\/\/www.duchovnihudba.cz\/index.php\/wp-json\/wp\/v2\/types\/page"}],"author":[{"embeddable":true,"href":"https:\/\/www.duchovnihudba.cz\/index.php\/wp-json\/wp\/v2\/users\/1"}],"replies":[{"embeddable":true,"href":"https:\/\/www.duchovnihudba.cz\/index.php\/wp-json\/wp\/v2\/comments?post=965"}],"version-history":[{"count":1,"href":"https:\/\/www.duchovnihudba.cz\/index.php\/wp-json\/wp\/v2\/pages\/965\/revisions"}],"predecessor-version":[{"id":966,"href":"https:\/\/www.duchovnihudba.cz\/index.php\/wp-json\/wp\/v2\/pages\/965\/revisions\/966"}],"wp:attachment":[{"href":"https:\/\/www.duchovnihudba.cz\/index.php\/wp-json\/wp\/v2\/media?parent=965"}],"curies":[{"name":"wp","href":"https:\/\/api.w.org\/{rel}","templated":true}]}}