{"id":977,"date":"2024-05-24T18:05:41","date_gmt":"2024-05-24T18:05:41","guid":{"rendered":"https:\/\/www.duchovnihudba.cz\/?page_id=977"},"modified":"2024-05-24T18:05:41","modified_gmt":"2024-05-24T18:05:41","slug":"spolecne-odpovedi-a-spolecne-responsorialni-zalmy","status":"publish","type":"page","link":"https:\/\/www.duchovnihudba.cz\/index.php\/spolecne-odpovedi-a-spolecne-responsorialni-zalmy\/","title":{"rendered":"SPOLE\u010cN\u00c9 ODPOV\u011aDI A SPOLE\u010cN\u00c9 RESPONSORI\u00c1LN\u00cd \u017dALMY"},"content":{"rendered":"\n<figure class=\"wp-block-table\"><table><tbody><tr><td><strong>V dob\u011b adventn\u00ed<\/strong><\/td><td>601*, 602,604<\/td><\/tr><tr><td><strong>V dob\u011b v\u00e1no\u010dn\u00ed<\/strong><\/td><td>611*, 612; po Zjeven\u00ed P\u00e1n\u011b: 613<\/td><\/tr><tr><td><strong>V dob\u011b postn\u00ed<\/strong><\/td><td>662*, 664, 668, 669<\/td><\/tr><tr><td><strong>V dob\u011b velikono\u010dn\u00ed<\/strong><\/td><td>621*, 622*, 623*, 627, 628; po Nanebevstoupen\u00ed P\u00e1n\u011b: 629<\/td><\/tr><tr><td><strong>V liturgick\u00e9m mezidob\u00ed<\/strong><\/td><td>k \u017ealm\u016fm chv\u00e1ly: 651*, 653*, 656*;k \u017ealm\u016fm prosebn\u00fdm: 655*, 663*, 666*, 633, 657, 658, 659, 667,684, 685;posledn\u00ed t\u00fddny: 686<\/td><\/tr><tr><td><strong>K\u0159est<\/strong><\/td><td>633,657,672\/3,624+<\/td><\/tr><tr><td><strong>Bi\u0159mov\u00e1n\u00ed<\/strong><\/td><td>626, 659,672\/3<\/td><\/tr><tr><td><strong>Svatba<\/strong><\/td><td>633, 648,655<\/td><\/tr><tr><td><strong>Poh\u0159eb<\/strong><\/td><td>658, 672\/3, 686, 624+, 654+, 661+,671+<\/td><\/tr><tr><td><strong>Posv\u011bcen\u00ed kostela<\/strong><\/td><td>686<\/td><\/tr><tr><td><strong>Panna Maria<\/strong><\/td><td>641,642, 643<\/td><\/tr><tr><td><strong>Svat\u00ed<\/strong><\/td><td>mu\u010dedn\u00edci: 646;duchovn\u00ed past\u00fd\u0159i: 647, 672\/3;u\u010ditel\u00e9 c\u00edrkve: 684;svati a sv\u011btice: 633, 648, 649<\/td><\/tr><\/tbody><\/table><\/figure>\n","protected":false},"excerpt":{"rendered":"<p>V dob\u011b adventn\u00ed 601*, 602,604 V dob\u011b v\u00e1no\u010dn\u00ed 611*, 612; po Zjeven\u00ed P\u00e1n\u011b: 613 V dob\u011b postn\u00ed 662*, 664, 668, 669 V dob\u011b velikono\u010dn\u00ed 621*, 622*, 623*, 627, 628; po Nanebevstoupen\u00ed P\u00e1n\u011b: 629 V liturgick\u00e9m mezidob\u00ed k \u017ealm\u016fm chv\u00e1ly: 651*, 653*, 656*;k \u017ealm\u016fm prosebn\u00fdm: 655*, 663*, 666*, 633, 657, 658, 659, 667,684, 685;posledn\u00ed t\u00fddny: 686 &hellip; <\/p>\n<p class=\"link-more\"><a href=\"https:\/\/www.duchovnihudba.cz\/index.php\/spolecne-odpovedi-a-spolecne-responsorialni-zalmy\/\" class=\"more-link\">Pokra\u010dovat ve \u010dten\u00ed<span class=\"screen-reader-text\"> &#8222;SPOLE\u010cN\u00c9 ODPOV\u011aDI A SPOLE\u010cN\u00c9 RESPONSORI\u00c1LN\u00cd \u017dALMY&#8220;<\/span><\/a><\/p>\n","protected":false},"author":1,"featured_media":0,"parent":0,"menu_order":0,"comment_status":"closed","ping_status":"closed","template":"","meta":{"footnotes":""},"class_list":["post-977","page","type-page","status-publish","hentry"],"_links":{"self":[{"href":"https:\/\/www.duchovnihudba.cz\/index.php\/wp-json\/wp\/v2\/pages\/977","targetHints":{"allow":["GET"]}}],"collection":[{"href":"https:\/\/www.duchovnihudba.cz\/index.php\/wp-json\/wp\/v2\/pages"}],"about":[{"href":"https:\/\/www.duchovnihudba.cz\/index.php\/wp-json\/wp\/v2\/types\/page"}],"author":[{"embeddable":true,"href":"https:\/\/www.duchovnihudba.cz\/index.php\/wp-json\/wp\/v2\/users\/1"}],"replies":[{"embeddable":true,"href":"https:\/\/www.duchovnihudba.cz\/index.php\/wp-json\/wp\/v2\/comments?post=977"}],"version-history":[{"count":1,"href":"https:\/\/www.duchovnihudba.cz\/index.php\/wp-json\/wp\/v2\/pages\/977\/revisions"}],"predecessor-version":[{"id":978,"href":"https:\/\/www.duchovnihudba.cz\/index.php\/wp-json\/wp\/v2\/pages\/977\/revisions\/978"}],"wp:attachment":[{"href":"https:\/\/www.duchovnihudba.cz\/index.php\/wp-json\/wp\/v2\/media?parent=977"}],"curies":[{"name":"wp","href":"https:\/\/api.w.org\/{rel}","templated":true}]}}

SPOLEČNÉ ODPOVĚDI A SPOLEČNÉ RESPONSORIÁLNÍ ŽALMY

<figure class="wp-block-table"><table><tbody><tr><td><strong>V době adventní</strong></td><td>601*, 602,604</td></tr><tr><td><strong>V době vánoční</strong></td><td>611*, 612; po Zjevení Páně: 613</td></tr><tr><td><strong>V době postní</strong></td><td>662*, 664, 668, 669</td></tr><tr><td><strong>V době velikonoční</strong></td><td>621*, 622*, 623*, 627, 628; po Nanebevstoupení Páně: 629</td></tr><tr><td><strong>V liturgickém mezidobí</strong></td><td>k žalmům chvály: 651*, 653*, 656*;k žalmům prosebným: 655*, 663*, 666*, 633, 657, 658, 659, 667,684, 685;poslední týdny: 686</td></tr><tr><td><strong>Křest</strong></td><td>633,657,672/3,624+</td></tr><tr><td><strong>Biřmování</strong></td><td>626, 659,672/3</td></tr><tr><td><strong>Svatba</strong></td><td>633, 648,655</td></tr><tr><td><strong>Pohřeb</strong></td><td>658, 672/3, 686, 624+, 654+, 661+,671+</td></tr><tr><td><strong>Posvěcení kostela</strong></td><td>686</td></tr><tr><td><strong>Panna Maria</strong></td><td>641,642, 643</td></tr><tr><td><strong>Svatí</strong></td><td>mučedníci: 646;duchovní pastýři: 647, 672/3;učitelé církve: 684;svati a světice: 633, 648, 649</td></tr></tbody></table></figure>

<p>V době adventní 601*, 602,604 V době vánoční 611*, 612; po Zjevení Páně: 613 V době postní 662*, 664, 668, 669 V době velikonoční 621*, 622*, 623*, 627, 628; po Nanebevstoupení Páně: 629 V liturgickém mezidobí k žalmům chvály: 651*, 653*, 656*;k žalmům prosebným: 655*, 663*, 666*, 633, 657, 658, 659, 667,684, 685;poslední týdny: 686 &hellip; </p>
<p class="link-more"><a href="https://www.duchovnihudba.cz/index.php/spolecne-odpovedi-a-spolecne-responsorialni-zalmy/" class="more-link">Pokračovat ve čtení<span class="screen-reader-text"> &#8222;SPOLEČNÉ ODPOVĚDI A SPOLEČNÉ RESPONSORIÁLNÍ ŽALMY&#8220;</span></a></p>
